{"id":8430,"date":"2022-06-10T12:13:05","date_gmt":"2022-06-10T11:13:05","guid":{"rendered":"https:\/\/www.aditechcorp.com\/?post_type=ajde_events&#038;p=8430"},"modified":"2022-06-10T12:13:05","modified_gmt":"2022-06-10T11:13:05","slug":"encuentro-dinamo-comunidad-de-ips-del-sinai","status":"publish","type":"ajde_events","link":"https:\/\/www.aditech.com\/es\/evento\/encuentro-dinamo-comunidad-de-ips-del-sinai\/","title":{"rendered":"Encuentro DINAMO &#8211; Comunidad de IPS del SINAI"},"content":{"rendered":"<p>La Comunidad Dinamo es un lugar donde los investigadores y las investigadoras de I+D+i de Navarra se conozcan, compartan y colaboren.<\/p>\n<p>El pr\u00f3ximo 17 de junio la Comunidad DINAMO se reunir\u00e1n en el CIVICAN (Avenida P\u00edo XII n\u00ba 2) los y las investigaores investigadoras principales de los <a href=\"https:\/\/www.aditech.com\/proyectos-idi\/proyectos-colaborativos\/\" target=\"_blank\" rel=\"noopener\">proyectos colaborativos I+D<\/a>.<\/p>\n<p>A trav\u00e9s de Dinamo buscamos establecer un <strong>foro:<\/strong><\/p>\n<div class=\"wpb_column vc_column_container vc_col-sm-4\">\n<div class=\"vc_column-inner\">\n<div class=\"wpb_wrapper\">\n<div class=\"wpb_text_column wpb_content_element  text-intro text-align property\">\n<div class=\"wpb_wrapper\">\n<p><strong>\u2192 de encuentro,<\/strong>\u00a0con otros miembros del Sistema de I+D+i de Navarra.<br \/>\n<strong>\u2192 cient\u00edfico,<\/strong>\u00a0donde escuchar en qu\u00e9 trabajan otros grupos de investigaci\u00f3n, otros agentes SINAI\u2026<br \/>\n<strong>\u2192 de colaboraci\u00f3n,<\/strong>\u00a0desde donde poder establecer nuevas oportunidades de proyectos con distintos<br \/>\nagentes del SINAI.<\/p>\n<\/div>\n<\/div>\n<\/div>\n<\/div>\n<\/div>\n","protected":false},"author":23,"featured_media":-1,"menu_order":0,"comment_status":"open","ping_status":"closed","template":"","meta":[],"tags":[608],"event_type":[682],"event_type_2":[],"class_list":["post-8430","ajde_events","type-ajde_events","status-publish","has-post-thumbnail","hentry","tag-dinamo","event_location-civican","event_organizer-fundacion-aditech","event_type-reunion-de-comunidad"],"yoast_head":"<!-- This site is optimized with the Yoast SEO plugin v27.3 - https:\/\/yoast.com\/product\/yoast-seo-wordpress\/ -->\n<title>Encuentro DINAMO - Comunidad de IPS del SINAI - ADItech<\/title>\n<meta name=\"robots\" content=\"index, follow, max-snippet:-1, max-image-preview:large, max-video-preview:-1\" \/>\n<link rel=\"canonical\" href=\"https:\/\/www.aditech.com\/es\/evento\/encuentro-dinamo-comunidad-de-ips-del-sinai\/\" \/>\n<meta property=\"og:locale\" content=\"es_ES\" \/>\n<meta property=\"og:type\" content=\"article\" \/>\n<meta property=\"og:title\" content=\"Encuentro DINAMO - Comunidad de IPS del SINAI - ADItech\" \/>\n<meta property=\"og:description\" content=\"La Comunidad Dinamo es un lugar donde los investigadores y las investigadoras de I+D+i de Navarra se conozcan, compartan y colaboren. El pr\u00f3ximo 17 de junio la Comunidad DINAMO se reunir\u00e1n en el CIVICAN (Avenida P\u00edo XII n\u00ba 2) los y las investigaores investigadoras principales...\" \/>\n<meta property=\"og:url\" content=\"https:\/\/www.aditech.com\/es\/evento\/encuentro-dinamo-comunidad-de-ips-del-sinai\/\" \/>\n<meta property=\"og:site_name\" content=\"ADItech\" \/>\n<meta name=\"twitter:card\" content=\"summary_large_image\" \/>\n<meta name=\"twitter:label1\" content=\"Tiempo de lectura\" \/>\n\t<meta name=\"twitter:data1\" content=\"1 minuto\" \/>\n<script type=\"application\/ld+json\" class=\"yoast-schema-graph\">{\"@context\":\"https:\\\/\\\/schema.org\",\"@graph\":[{\"@type\":\"WebPage\",\"@id\":\"https:\\\/\\\/www.aditech.com\\\/es\\\/evento\\\/encuentro-dinamo-comunidad-de-ips-del-sinai\\\/\",\"url\":\"https:\\\/\\\/www.aditech.com\\\/es\\\/evento\\\/encuentro-dinamo-comunidad-de-ips-del-sinai\\\/\",\"name\":\"Encuentro DINAMO - Comunidad de IPS del SINAI - ADItech\",\"isPartOf\":{\"@id\":\"https:\\\/\\\/www.aditech.com\\\/es\\\/#website\"},\"datePublished\":\"2022-06-10T11:13:05+00:00\",\"breadcrumb\":{\"@id\":\"https:\\\/\\\/www.aditech.com\\\/es\\\/evento\\\/encuentro-dinamo-comunidad-de-ips-del-sinai\\\/#breadcrumb\"},\"inLanguage\":\"es\",\"potentialAction\":[{\"@type\":\"ReadAction\",\"target\":[\"https:\\\/\\\/www.aditech.com\\\/es\\\/evento\\\/encuentro-dinamo-comunidad-de-ips-del-sinai\\\/\"]}]},{\"@type\":\"BreadcrumbList\",\"@id\":\"https:\\\/\\\/www.aditech.com\\\/es\\\/evento\\\/encuentro-dinamo-comunidad-de-ips-del-sinai\\\/#breadcrumb\",\"itemListElement\":[{\"@type\":\"ListItem\",\"position\":1,\"name\":\"Portada\",\"item\":\"https:\\\/\\\/www.aditech.com\\\/es\\\/\"},{\"@type\":\"ListItem\",\"position\":2,\"name\":\"Events\",\"item\":\"https:\\\/\\\/www.aditech.com\\\/en\\\/evento\\\/\"},{\"@type\":\"ListItem\",\"position\":3,\"name\":\"Encuentro DINAMO &#8211; Comunidad de IPS del SINAI\"}]},{\"@type\":\"WebSite\",\"@id\":\"https:\\\/\\\/www.aditech.com\\\/es\\\/#website\",\"url\":\"https:\\\/\\\/www.aditech.com\\\/es\\\/\",\"name\":\"ADItech\",\"description\":\"\",\"potentialAction\":[{\"@type\":\"SearchAction\",\"target\":{\"@type\":\"EntryPoint\",\"urlTemplate\":\"https:\\\/\\\/www.aditech.com\\\/es\\\/?s={search_term_string}\"},\"query-input\":{\"@type\":\"PropertyValueSpecification\",\"valueRequired\":true,\"valueName\":\"search_term_string\"}}],\"inLanguage\":\"es\"}]}<\/script>\n<!-- \/ Yoast SEO plugin. -->","yoast_head_json":{"title":"Encuentro DINAMO - Comunidad de IPS del SINAI - ADItech","robots":{"index":"index","follow":"follow","max-snippet":"max-snippet:-1","max-image-preview":"max-image-preview:large","max-video-preview":"max-video-preview:-1"},"canonical":"https:\/\/www.aditech.com\/es\/evento\/encuentro-dinamo-comunidad-de-ips-del-sinai\/","og_locale":"es_ES","og_type":"article","og_title":"Encuentro DINAMO - Comunidad de IPS del SINAI - ADItech","og_description":"La Comunidad Dinamo es un lugar donde los investigadores y las investigadoras de I+D+i de Navarra se conozcan, compartan y colaboren. El pr\u00f3ximo 17 de junio la Comunidad DINAMO se reunir\u00e1n en el CIVICAN (Avenida P\u00edo XII n\u00ba 2) los y las investigaores investigadoras principales...","og_url":"https:\/\/www.aditech.com\/es\/evento\/encuentro-dinamo-comunidad-de-ips-del-sinai\/","og_site_name":"ADItech","twitter_card":"summary_large_image","twitter_misc":{"Tiempo de lectura":"1 minuto"},"schema":{"@context":"https:\/\/schema.org","@graph":[{"@type":"WebPage","@id":"https:\/\/www.aditech.com\/es\/evento\/encuentro-dinamo-comunidad-de-ips-del-sinai\/","url":"https:\/\/www.aditech.com\/es\/evento\/encuentro-dinamo-comunidad-de-ips-del-sinai\/","name":"Encuentro DINAMO - Comunidad de IPS del SINAI - ADItech","isPartOf":{"@id":"https:\/\/www.aditech.com\/es\/#website"},"datePublished":"2022-06-10T11:13:05+00:00","breadcrumb":{"@id":"https:\/\/www.aditech.com\/es\/evento\/encuentro-dinamo-comunidad-de-ips-del-sinai\/#breadcrumb"},"inLanguage":"es","potentialAction":[{"@type":"ReadAction","target":["https:\/\/www.aditech.com\/es\/evento\/encuentro-dinamo-comunidad-de-ips-del-sinai\/"]}]},{"@type":"BreadcrumbList","@id":"https:\/\/www.aditech.com\/es\/evento\/encuentro-dinamo-comunidad-de-ips-del-sinai\/#breadcrumb","itemListElement":[{"@type":"ListItem","position":1,"name":"Portada","item":"https:\/\/www.aditech.com\/es\/"},{"@type":"ListItem","position":2,"name":"Events","item":"https:\/\/www.aditech.com\/en\/evento\/"},{"@type":"ListItem","position":3,"name":"Encuentro DINAMO &#8211; Comunidad de IPS del SINAI"}]},{"@type":"WebSite","@id":"https:\/\/www.aditech.com\/es\/#website","url":"https:\/\/www.aditech.com\/es\/","name":"ADItech","description":"","potentialAction":[{"@type":"SearchAction","target":{"@type":"EntryPoint","urlTemplate":"https:\/\/www.aditech.com\/es\/?s={search_term_string}"},"query-input":{"@type":"PropertyValueSpecification","valueRequired":true,"valueName":"search_term_string"}}],"inLanguage":"es"}]}},"_links":{"self":[{"href":"https:\/\/www.aditech.com\/es\/wp-json\/wp\/v2\/ajde_events\/8430","targetHints":{"allow":["GET"]}}],"collection":[{"href":"https:\/\/www.aditech.com\/es\/wp-json\/wp\/v2\/ajde_events"}],"about":[{"href":"https:\/\/www.aditech.com\/es\/wp-json\/wp\/v2\/types\/ajde_events"}],"author":[{"embeddable":true,"href":"https:\/\/www.aditech.com\/es\/wp-json\/wp\/v2\/users\/23"}],"replies":[{"embeddable":true,"href":"https:\/\/www.aditech.com\/es\/wp-json\/wp\/v2\/comments?post=8430"}],"wp:featuredmedia":[{"embeddable":true,"href":"https:\/\/www.aditech.com\/es\/wp-json\/"}],"wp:attachment":[{"href":"https:\/\/www.aditech.com\/es\/wp-json\/wp\/v2\/media?parent=8430"}],"wp:term":[{"taxonomy":"post_tag","embeddable":true,"href":"https:\/\/www.aditech.com\/es\/wp-json\/wp\/v2\/tags?post=8430"},{"taxonomy":"event_type","embeddable":true,"href":"https:\/\/www.aditech.com\/es\/wp-json\/wp\/v2\/event_type?post=8430"},{"taxonomy":"event_type_2","embeddable":true,"href":"https:\/\/www.aditech.com\/es\/wp-json\/wp\/v2\/event_type_2?post=8430"}],"curies":[{"name":"wp","href":"https:\/\/api.w.org\/{rel}","templated":true}]}}

<p>La Comunidad Dinamo es un lugar donde los investigadores y las investigadoras de I+D+i de Navarra se conozcan, compartan y colaboren.</p>
<p>El próximo 17 de junio la Comunidad DINAMO se reunirán en el CIVICAN (Avenida Pío XII nº 2) los y las investigaores investigadoras principales de los <a href="https://www.aditech.com/proyectos-idi/proyectos-colaborativos/" target="_blank" rel="noopener">proyectos colaborativos I+D</a>.</p>
<p>A través de Dinamo buscamos establecer un <strong>foro:</strong></p>
<div class="wpb_column vc_column_container vc_col-sm-4">
<div class="vc_column-inner">
<div class="wpb_wrapper">
<div class="wpb_text_column wpb_content_element  text-intro text-align property">
<div class="wpb_wrapper">
<p><strong>→ de encuentro,</strong> con otros miembros del Sistema de I+D+i de Navarra.<br />
<strong>→ científico,</strong> donde escuchar en qué trabajan otros grupos de investigación, otros agentes SINAI…<br />
<strong>→ de colaboración,</strong> desde donde poder establecer nuevas oportunidades de proyectos con distintos<br />
agentes del SINAI.</p>
</div>
</div>
</div>
</div>
</div>

<!-- This site is optimized with the Yoast SEO plugin v27.3 - https://yoast.com/product/yoast-seo-wordpress/ -->
<title>Encuentro DINAMO - Comunidad de IPS del SINAI - ADItech</title>
<meta name="robots" content="index, follow, max-snippet:-1, max-image-preview:large, max-video-preview:-1" />
<link rel="canonical" href="https://www.aditech.com/es/evento/encuentro-dinamo-comunidad-de-ips-del-sinai/" />
<meta property="og:locale" content="es_ES" />
<meta property="og:type" content="article" />
<meta property="og:title" content="Encuentro DINAMO - Comunidad de IPS del SINAI - ADItech" />
<meta property="og:description" content="La Comunidad Dinamo es un lugar donde los investigadores y las investigadoras de I+D+i de Navarra se conozcan, compartan y colaboren. El próximo 17 de junio la Comunidad DINAMO se reunirán en el CIVICAN (Avenida Pío XII nº 2) los y las investigaores investigadoras principales..." />
<meta property="og:url" content="https://www.aditech.com/es/evento/encuentro-dinamo-comunidad-de-ips-del-sinai/" />
<meta property="og:site_name" content="ADItech" />
<meta name="twitter:card" content="summary_large_image" />
<meta name="twitter:label1" content="Tiempo de lectura" />
	<meta name="twitter:data1" content="1 minuto" />
<script type="application/ld+json" class="yoast-schema-graph">{"@context":"https:\/\/schema.org","@graph":[{"@type":"WebPage","@id":"https:\/\/www.aditech.com\/es\/evento\/encuentro-dinamo-comunidad-de-ips-del-sinai\/","url":"https:\/\/www.aditech.com\/es\/evento\/encuentro-dinamo-comunidad-de-ips-del-sinai\/","name":"Encuentro DINAMO - Comunidad de IPS del SINAI - ADItech","isPartOf":{"@id":"https:\/\/www.aditech.com\/es\/#website"},"datePublished":"2022-06-10T11:13:05+00:00","breadcrumb":{"@id":"https:\/\/www.aditech.com\/es\/evento\/encuentro-dinamo-comunidad-de-ips-del-sinai\/#breadcrumb"},"inLanguage":"es","potentialAction":[{"@type":"ReadAction","target":["https:\/\/www.aditech.com\/es\/evento\/encuentro-dinamo-comunidad-de-ips-del-sinai\/"]}]},{"@type":"BreadcrumbList","@id":"https:\/\/www.aditech.com\/es\/evento\/encuentro-dinamo-comunidad-de-ips-del-sinai\/#breadcrumb","itemListElement":[{"@type":"ListItem","position":1,"name":"Portada","item":"https:\/\/www.aditech.com\/es\/"},{"@type":"ListItem","position":2,"name":"Events","item":"https:\/\/www.aditech.com\/en\/evento\/"},{"@type":"ListItem","position":3,"name":"Encuentro DINAMO &#8211; Comunidad de IPS del SINAI"}]},{"@type":"WebSite","@id":"https:\/\/www.aditech.com\/es\/#website","url":"https:\/\/www.aditech.com\/es\/","name":"ADItech","description":"","potentialAction":[{"@type":"SearchAction","target":{"@type":"EntryPoint","urlTemplate":"https:\/\/www.aditech.com\/es\/?s={search_term_string}"},"query-input":{"@type":"PropertyValueSpecification","valueRequired":true,"valueName":"search_term_string"}}],"inLanguage":"es"}]}</script>
<!-- / Yoast SEO plugin. -->

La Comunidad Dinamo es un lugar donde los investigadores y las investigadoras de I+D+i de Navarra se conozcan, compartan y colaboren. El próximo 17 de junio la Comunidad DINAMO se reunirán en el CIVICAN (Avenida Pío XII nº 2) los y las investigaores investigadoras principales...
