{"id":6107,"date":"2021-09-06T18:29:53","date_gmt":"2021-09-06T17:29:53","guid":{"rendered":"https:\/\/www.aditechcorp.com\/?post_type=ajde_events&#038;p=6107"},"modified":"2021-09-06T18:41:52","modified_gmt":"2021-09-06T17:41:52","slug":"ciencia-y-cultura-en-el-siglo-xxi-de-jose-manuel-sanchez-ron","status":"publish","type":"ajde_events","link":"https:\/\/www.aditech.com\/es\/evento\/ciencia-y-cultura-en-el-siglo-xxi-de-jose-manuel-sanchez-ron\/","title":{"rendered":"Ciencia y Cultura en el siglo XXI de Jos\u00e9 Manuel S\u00e1nchez Ron"},"content":{"rendered":"<p>Jos\u00e9 Manuel S\u00e1nchez Ron es Catedr\u00e1tico de Historia de la Ciencia de la Universidad Aut\u00f3noma de Madrid, vicedirector y Letra G de la Real Academia Espa\u00f1ola de la Lengua y Acad\u00e9mico de la Real Academia de Ciencias Exactas, F\u00edsicas y Naturales. Adem\u00e1s, es Numerario de la <em>Acad\u00e9mie Internationale. d\u2019Historie des Sciences<\/em> y de la Academia Europea de Ciencias y Artes.<\/p>\n","protected":false},"author":23,"featured_media":-1,"menu_order":0,"comment_status":"open","ping_status":"closed","template":"","meta":[],"tags":[],"event_type":[563],"event_type_2":[576,575],"class_list":["post-6107","ajde_events","type-ajde_events","status-publish","has-post-thumbnail","hentry","event_type-charla","event_type_2-comunidad-dinamo","event_type_2-sciencekaitza"],"yoast_head":"<!-- This site is optimized with the Yoast SEO plugin v27.3 - https:\/\/yoast.com\/product\/yoast-seo-wordpress\/ -->\n<title>Ciencia y Cultura en el siglo XXI de Jos\u00e9 Manuel S\u00e1nchez Ron - ADItech<\/title>\n<meta name=\"robots\" content=\"index, follow, max-snippet:-1, max-image-preview:large, max-video-preview:-1\" \/>\n<link rel=\"canonical\" href=\"https:\/\/www.aditech.com\/es\/evento\/ciencia-y-cultura-en-el-siglo-xxi-de-jose-manuel-sanchez-ron\/\" \/>\n<meta property=\"og:locale\" content=\"es_ES\" \/>\n<meta property=\"og:type\" content=\"article\" \/>\n<meta property=\"og:title\" content=\"Ciencia y Cultura en el siglo XXI de Jos\u00e9 Manuel S\u00e1nchez Ron - ADItech\" \/>\n<meta property=\"og:description\" content=\"Jos\u00e9 Manuel S\u00e1nchez Ron es Catedr\u00e1tico de Historia de la Ciencia de la Universidad Aut\u00f3noma de Madrid, vicedirector y Letra G de la Real Academia Espa\u00f1ola de la Lengua y Acad\u00e9mico de la Real Academia de Ciencias Exactas, F\u00edsicas y Naturales. Adem\u00e1s, es Numerario de...\" \/>\n<meta property=\"og:url\" content=\"https:\/\/www.aditech.com\/es\/evento\/ciencia-y-cultura-en-el-siglo-xxi-de-jose-manuel-sanchez-ron\/\" \/>\n<meta property=\"og:site_name\" content=\"ADItech\" \/>\n<meta property=\"article:modified_time\" content=\"2021-09-06T17:41:52+00:00\" \/>\n<meta name=\"twitter:card\" content=\"summary_large_image\" \/>\n<script type=\"application\/ld+json\" class=\"yoast-schema-graph\">{\"@context\":\"https:\\\/\\\/schema.org\",\"@graph\":[{\"@type\":\"WebPage\",\"@id\":\"https:\\\/\\\/www.aditech.com\\\/es\\\/evento\\\/ciencia-y-cultura-en-el-siglo-xxi-de-jose-manuel-sanchez-ron\\\/\",\"url\":\"https:\\\/\\\/www.aditech.com\\\/es\\\/evento\\\/ciencia-y-cultura-en-el-siglo-xxi-de-jose-manuel-sanchez-ron\\\/\",\"name\":\"Ciencia y Cultura en el siglo XXI de Jos\u00e9 Manuel S\u00e1nchez Ron - ADItech\",\"isPartOf\":{\"@id\":\"https:\\\/\\\/www.aditech.com\\\/es\\\/#website\"},\"datePublished\":\"2021-09-06T17:29:53+00:00\",\"dateModified\":\"2021-09-06T17:41:52+00:00\",\"breadcrumb\":{\"@id\":\"https:\\\/\\\/www.aditech.com\\\/es\\\/evento\\\/ciencia-y-cultura-en-el-siglo-xxi-de-jose-manuel-sanchez-ron\\\/#breadcrumb\"},\"inLanguage\":\"es\",\"potentialAction\":[{\"@type\":\"ReadAction\",\"target\":[\"https:\\\/\\\/www.aditech.com\\\/es\\\/evento\\\/ciencia-y-cultura-en-el-siglo-xxi-de-jose-manuel-sanchez-ron\\\/\"]}]},{\"@type\":\"BreadcrumbList\",\"@id\":\"https:\\\/\\\/www.aditech.com\\\/es\\\/evento\\\/ciencia-y-cultura-en-el-siglo-xxi-de-jose-manuel-sanchez-ron\\\/#breadcrumb\",\"itemListElement\":[{\"@type\":\"ListItem\",\"position\":1,\"name\":\"Portada\",\"item\":\"https:\\\/\\\/www.aditech.com\\\/es\\\/\"},{\"@type\":\"ListItem\",\"position\":2,\"name\":\"Events\",\"item\":\"https:\\\/\\\/www.aditech.com\\\/en\\\/evento\\\/\"},{\"@type\":\"ListItem\",\"position\":3,\"name\":\"Ciencia y Cultura en el siglo XXI de Jos\u00e9 Manuel S\u00e1nchez Ron\"}]},{\"@type\":\"WebSite\",\"@id\":\"https:\\\/\\\/www.aditech.com\\\/es\\\/#website\",\"url\":\"https:\\\/\\\/www.aditech.com\\\/es\\\/\",\"name\":\"ADItech\",\"description\":\"\",\"potentialAction\":[{\"@type\":\"SearchAction\",\"target\":{\"@type\":\"EntryPoint\",\"urlTemplate\":\"https:\\\/\\\/www.aditech.com\\\/es\\\/?s={search_term_string}\"},\"query-input\":{\"@type\":\"PropertyValueSpecification\",\"valueRequired\":true,\"valueName\":\"search_term_string\"}}],\"inLanguage\":\"es\"}]}<\/script>\n<!-- \/ Yoast SEO plugin. -->","yoast_head_json":{"title":"Ciencia y Cultura en el siglo XXI de Jos\u00e9 Manuel S\u00e1nchez Ron - ADItech","robots":{"index":"index","follow":"follow","max-snippet":"max-snippet:-1","max-image-preview":"max-image-preview:large","max-video-preview":"max-video-preview:-1"},"canonical":"https:\/\/www.aditech.com\/es\/evento\/ciencia-y-cultura-en-el-siglo-xxi-de-jose-manuel-sanchez-ron\/","og_locale":"es_ES","og_type":"article","og_title":"Ciencia y Cultura en el siglo XXI de Jos\u00e9 Manuel S\u00e1nchez Ron - ADItech","og_description":"Jos\u00e9 Manuel S\u00e1nchez Ron es Catedr\u00e1tico de Historia de la Ciencia de la Universidad Aut\u00f3noma de Madrid, vicedirector y Letra G de la Real Academia Espa\u00f1ola de la Lengua y Acad\u00e9mico de la Real Academia de Ciencias Exactas, F\u00edsicas y Naturales. Adem\u00e1s, es Numerario de...","og_url":"https:\/\/www.aditech.com\/es\/evento\/ciencia-y-cultura-en-el-siglo-xxi-de-jose-manuel-sanchez-ron\/","og_site_name":"ADItech","article_modified_time":"2021-09-06T17:41:52+00:00","twitter_card":"summary_large_image","schema":{"@context":"https:\/\/schema.org","@graph":[{"@type":"WebPage","@id":"https:\/\/www.aditech.com\/es\/evento\/ciencia-y-cultura-en-el-siglo-xxi-de-jose-manuel-sanchez-ron\/","url":"https:\/\/www.aditech.com\/es\/evento\/ciencia-y-cultura-en-el-siglo-xxi-de-jose-manuel-sanchez-ron\/","name":"Ciencia y Cultura en el siglo XXI de Jos\u00e9 Manuel S\u00e1nchez Ron - ADItech","isPartOf":{"@id":"https:\/\/www.aditech.com\/es\/#website"},"datePublished":"2021-09-06T17:29:53+00:00","dateModified":"2021-09-06T17:41:52+00:00","breadcrumb":{"@id":"https:\/\/www.aditech.com\/es\/evento\/ciencia-y-cultura-en-el-siglo-xxi-de-jose-manuel-sanchez-ron\/#breadcrumb"},"inLanguage":"es","potentialAction":[{"@type":"ReadAction","target":["https:\/\/www.aditech.com\/es\/evento\/ciencia-y-cultura-en-el-siglo-xxi-de-jose-manuel-sanchez-ron\/"]}]},{"@type":"BreadcrumbList","@id":"https:\/\/www.aditech.com\/es\/evento\/ciencia-y-cultura-en-el-siglo-xxi-de-jose-manuel-sanchez-ron\/#breadcrumb","itemListElement":[{"@type":"ListItem","position":1,"name":"Portada","item":"https:\/\/www.aditech.com\/es\/"},{"@type":"ListItem","position":2,"name":"Events","item":"https:\/\/www.aditech.com\/en\/evento\/"},{"@type":"ListItem","position":3,"name":"Ciencia y Cultura en el siglo XXI de Jos\u00e9 Manuel S\u00e1nchez Ron"}]},{"@type":"WebSite","@id":"https:\/\/www.aditech.com\/es\/#website","url":"https:\/\/www.aditech.com\/es\/","name":"ADItech","description":"","potentialAction":[{"@type":"SearchAction","target":{"@type":"EntryPoint","urlTemplate":"https:\/\/www.aditech.com\/es\/?s={search_term_string}"},"query-input":{"@type":"PropertyValueSpecification","valueRequired":true,"valueName":"search_term_string"}}],"inLanguage":"es"}]}},"_links":{"self":[{"href":"https:\/\/www.aditech.com\/es\/wp-json\/wp\/v2\/ajde_events\/6107","targetHints":{"allow":["GET"]}}],"collection":[{"href":"https:\/\/www.aditech.com\/es\/wp-json\/wp\/v2\/ajde_events"}],"about":[{"href":"https:\/\/www.aditech.com\/es\/wp-json\/wp\/v2\/types\/ajde_events"}],"author":[{"embeddable":true,"href":"https:\/\/www.aditech.com\/es\/wp-json\/wp\/v2\/users\/23"}],"replies":[{"embeddable":true,"href":"https:\/\/www.aditech.com\/es\/wp-json\/wp\/v2\/comments?post=6107"}],"wp:featuredmedia":[{"embeddable":true,"href":"https:\/\/www.aditech.com\/es\/wp-json\/"}],"wp:attachment":[{"href":"https:\/\/www.aditech.com\/es\/wp-json\/wp\/v2\/media?parent=6107"}],"wp:term":[{"taxonomy":"post_tag","embeddable":true,"href":"https:\/\/www.aditech.com\/es\/wp-json\/wp\/v2\/tags?post=6107"},{"taxonomy":"event_type","embeddable":true,"href":"https:\/\/www.aditech.com\/es\/wp-json\/wp\/v2\/event_type?post=6107"},{"taxonomy":"event_type_2","embeddable":true,"href":"https:\/\/www.aditech.com\/es\/wp-json\/wp\/v2\/event_type_2?post=6107"}],"curies":[{"name":"wp","href":"https:\/\/api.w.org\/{rel}","templated":true}]}}

Ciencia y Cultura en el siglo XXI de José Manuel Sánchez Ron

<p>José Manuel Sánchez Ron es Catedrático de Historia de la Ciencia de la Universidad Autónoma de Madrid, vicedirector y Letra G de la Real Academia Española de la Lengua y Académico de la Real Academia de Ciencias Exactas, Físicas y Naturales. Además, es Numerario de la <em>Académie Internationale. d’Historie des Sciences</em> y de la Academia Europea de Ciencias y Artes.</p>

<!-- This site is optimized with the Yoast SEO plugin v27.3 - https://yoast.com/product/yoast-seo-wordpress/ -->
<title>Ciencia y Cultura en el siglo XXI de José Manuel Sánchez Ron - ADItech</title>
<meta name="robots" content="index, follow, max-snippet:-1, max-image-preview:large, max-video-preview:-1" />
<link rel="canonical" href="https://www.aditech.com/es/evento/ciencia-y-cultura-en-el-siglo-xxi-de-jose-manuel-sanchez-ron/" />
<meta property="og:locale" content="es_ES" />
<meta property="og:type" content="article" />
<meta property="og:title" content="Ciencia y Cultura en el siglo XXI de José Manuel Sánchez Ron - ADItech" />
<meta property="og:description" content="José Manuel Sánchez Ron es Catedrático de Historia de la Ciencia de la Universidad Autónoma de Madrid, vicedirector y Letra G de la Real Academia Española de la Lengua y Académico de la Real Academia de Ciencias Exactas, Físicas y Naturales. Además, es Numerario de..." />
<meta property="og:url" content="https://www.aditech.com/es/evento/ciencia-y-cultura-en-el-siglo-xxi-de-jose-manuel-sanchez-ron/" />
<meta property="og:site_name" content="ADItech" />
<meta property="article:modified_time" content="2021-09-06T17:41:52+00:00" />
<meta name="twitter:card" content="summary_large_image" />
<script type="application/ld+json" class="yoast-schema-graph">{"@context":"https:\/\/schema.org","@graph":[{"@type":"WebPage","@id":"https:\/\/www.aditech.com\/es\/evento\/ciencia-y-cultura-en-el-siglo-xxi-de-jose-manuel-sanchez-ron\/","url":"https:\/\/www.aditech.com\/es\/evento\/ciencia-y-cultura-en-el-siglo-xxi-de-jose-manuel-sanchez-ron\/","name":"Ciencia y Cultura en el siglo XXI de José Manuel Sánchez Ron - ADItech","isPartOf":{"@id":"https:\/\/www.aditech.com\/es\/#website"},"datePublished":"2021-09-06T17:29:53+00:00","dateModified":"2021-09-06T17:41:52+00:00","breadcrumb":{"@id":"https:\/\/www.aditech.com\/es\/evento\/ciencia-y-cultura-en-el-siglo-xxi-de-jose-manuel-sanchez-ron\/#breadcrumb"},"inLanguage":"es","potentialAction":[{"@type":"ReadAction","target":["https:\/\/www.aditech.com\/es\/evento\/ciencia-y-cultura-en-el-siglo-xxi-de-jose-manuel-sanchez-ron\/"]}]},{"@type":"BreadcrumbList","@id":"https:\/\/www.aditech.com\/es\/evento\/ciencia-y-cultura-en-el-siglo-xxi-de-jose-manuel-sanchez-ron\/#breadcrumb","itemListElement":[{"@type":"ListItem","position":1,"name":"Portada","item":"https:\/\/www.aditech.com\/es\/"},{"@type":"ListItem","position":2,"name":"Events","item":"https:\/\/www.aditech.com\/en\/evento\/"},{"@type":"ListItem","position":3,"name":"Ciencia y Cultura en el siglo XXI de José Manuel Sánchez Ron"}]},{"@type":"WebSite","@id":"https:\/\/www.aditech.com\/es\/#website","url":"https:\/\/www.aditech.com\/es\/","name":"ADItech","description":"","potentialAction":[{"@type":"SearchAction","target":{"@type":"EntryPoint","urlTemplate":"https:\/\/www.aditech.com\/es\/?s={search_term_string}"},"query-input":{"@type":"PropertyValueSpecification","valueRequired":true,"valueName":"search_term_string"}}],"inLanguage":"es"}]}</script>
<!-- / Yoast SEO plugin. -->

Ciencia y Cultura en el siglo XXI de José Manuel Sánchez Ron - ADItech

José Manuel Sánchez Ron es Catedrático de Historia de la Ciencia de la Universidad Autónoma de Madrid, vicedirector y Letra G de la Real Academia Española de la Lengua y Académico de la Real Academia de Ciencias Exactas, Físicas y Naturales. Además, es Numerario de...
