{"id":16734,"date":"2025-02-18T16:16:12","date_gmt":"2025-02-18T14:16:12","guid":{"rendered":"https:\/\/www.aditech.com\/es\/evento\/mision-empresarial-proyectos-europeos-2\/"},"modified":"2025-03-24T17:57:11","modified_gmt":"2025-03-24T15:57:11","slug":"mision-empresarial-a-bruselas","status":"publish","type":"ajde_events","link":"https:\/\/www.aditech.com\/es\/evento\/mision-empresarial-a-bruselas\/","title":{"rendered":"Misi\u00f3n empresarial a Bruselas"},"content":{"rendered":"<p>La direcci\u00f3n general de Acci\u00f3n Exterior del Gobierno de Navarra y ADItech organizan del 8 al 10 de abril una misi\u00f3n empresarial con el objetivo de acercar <strong>Navarra a Europa<\/strong>.<\/p>\n<p>Incluye participar en un evento clave, que se centra en tem\u00e1ticas estrat\u00e9gicas para el futuro de Europa y para el desarrollo econ\u00f3mico de Navarra.<\/p>\n<ul>\n<li><strong><a href=\"https:\/\/adr-association.eu\/events\/european-convergence-summit-ecs-2025\" target=\"_blank\" rel=\"noopener\">European Convergence Summit (ECS)<\/a>: <\/strong>para empresas de <strong>inteligencia artificial, rob\u00f3tica y big data<\/strong><\/li>\n<\/ul>\n<p style=\"padding-left: 40px;\">Organizado por la\u00a0<strong>Asociaci\u00f3n de Inteligencia Artificial, Datos y Rob\u00f3tica (ADRA)<\/strong>, este evento re\u00fane a los principales actores europeos en tecnolog\u00edas avanzadas. Su objetivo es impulsar la innovaci\u00f3n, la aceptaci\u00f3n y la adopci\u00f3n de estas tecnolog\u00edas, asegurando que Europa alcance la soberan\u00eda en el desarrollo y despliegue de sistemas de IA, datos y rob\u00f3tica seguros y alineados con los valores de la UE.<\/p>\n<p style=\"padding-left: 40px;\">*Cada participante deber\u00e1 formalizar su inscripci\u00f3n a la mayor brevedad posible, a trav\u00e9s del <a href=\"https:\/\/adr-association.eu\/events\/european-convergence-summit-ecs-2025\" target=\"_blank\" rel=\"noopener\">siguiente enlace<\/a>. Plazas limitadas<\/p>\n<p>La misi\u00f3n se dirige a empresas de Navarra de los sectores descritos, con inter\u00e9s en participar en proyectos europeos y en establecer contacto con socios potenciales a escala europea e internacional.<\/p>\n<p><strong>Plazas limitadas<\/strong><br \/>\nFecha de cierre de inscripci\u00f3n: 21 de marzo 2025 (14:00 CET)<\/p>\n<p>Adem\u00e1s, el 8 de abril, tendr\u00e1 lugar en Bruselas, la conferencia Cleantech 2025. Si tienes inter\u00e9s en asistir, ADItech ofrece la posibilidad de acompa\u00f1arte. M\u00e1s informaci\u00f3n <a href=\"https:\/\/www.aditech.com\/wp-content\/uploads\/2025\/02\/Ficha-Tematica_Cleantech.pdf\" target=\"_blank\" rel=\"noopener\">aqu\u00ed<\/a><\/p>\n<table style=\"border-collapse: collapse; width: 100%;\">\n<tbody>\n<tr>\n<td style=\"width: 33.3333%;\">\n<table style=\"width: 100%; border-collapse: collapse; background-color: #858585; height: 24px;\">\n<tbody>\n<tr style=\"height: 24px;\">\n<td style=\"width: 100%; text-align: center; height: 24px;\"><a href=\"https:\/\/www.aditech.com\/wp-content\/uploads\/2025\/03\/Mision-empresarial-a-Bruselas.pdf\" target=\"_blank\" rel=\"noopener\"><strong><span style=\"color: #ffffff;\">Accede aqu\u00ed a toda la informaci\u00f3n<\/span><\/strong><\/a><\/td>\n<\/tr>\n<\/tbody>\n<\/table>\n<\/td>\n<td style=\"width: 33.3333%;\"><\/td>\n<td style=\"width: 33.3333%;\"><\/td>\n<\/tr>\n<\/tbody>\n<\/table>\n<p>&nbsp;<\/p>\n<h2><strong>AGENDA<\/strong><\/h2>\n<p><strong>D\u00eda 1:\u00a0 8 abril 2025<\/strong><\/p>\n<p>Llegada a Bruselas<\/p>\n<p><strong>D\u00eda 2: 9 abril 2025<\/strong><\/p>\n<p>09:00 &#8211; 18:00h\u00a0 \u00a0 <a href=\"https:\/\/adr-association.eu\/events\/european-convergence-summit-ecs-2025\">European Convergence Summit<\/a> | <em>The Concert Noble, Rue d&#8217;Arlon 63 Brussels, Belgium<\/em><\/p>\n<p><strong>D\u00eda 3: 10 abril 2025<\/strong><\/p>\n<p>09:00 &#8211; 09:30h\u00a0 \u00a0Bienvenida y servicios de la <strong>Delegaci\u00f3n de<\/strong> <strong>Gobierno de Navarra<\/strong><\/p>\n<p>09:30 &#8211; 10:00h\u00a0 \u00a0Servicios <strong>CDTI &#8211; SOST<\/strong><\/p>\n<p>10:00 &#8211; 10:30h\u00a0 \u00a0Oportunidades de <strong>ADRA<\/strong><\/p>\n<p>10:30 &#8211; 11:00h\u00a0 \u00a0Oportunidades financiaci\u00f3n <strong>Comisi\u00f3n Europea<\/strong><\/p>\n<p>11:00 &#8211; 12:00h\u00a0 \u00a0Networking y caf\u00e9\/lunch en la <strong>Delegaci\u00f3n<\/strong> y despedida<\/p>\n<p>Regreso<\/p>\n<p>&nbsp;<\/p>\n<p><span style=\"color: #800000;\"><strong>Inscripciones cerradas. <\/strong><\/span><\/p>\n<p>Si tienes alguna pregunta escribe a comunicacion@aditech.com<\/p>\n<p>&nbsp;<\/p>\n","protected":false},"author":25,"featured_media":16820,"menu_order":0,"comment_status":"open","ping_status":"closed","template":"","meta":[],"tags":[],"event_type":[845],"event_type_2":[610],"class_list":["post-16734","ajde_events","type-ajde_events","status-publish","has-post-thumbnail","hentry","event_organizer-aditech","event_type-mision-empresarial","event_type_2-internacional"],"yoast_head":"<!-- This site is optimized with the Yoast SEO plugin v27.3 - https:\/\/yoast.com\/product\/yoast-seo-wordpress\/ -->\n<title>Misi\u00f3n empresarial a Bruselas - ADItech<\/title>\n<meta name=\"robots\" content=\"index, follow, max-snippet:-1, max-image-preview:large, max-video-preview:-1\" \/>\n<link rel=\"canonical\" href=\"https:\/\/www.aditech.com\/es\/evento\/mision-empresarial-a-bruselas\/\" \/>\n<meta property=\"og:locale\" content=\"es_ES\" \/>\n<meta property=\"og:type\" content=\"article\" \/>\n<meta property=\"og:title\" content=\"Misi\u00f3n empresarial a Bruselas - ADItech\" \/>\n<meta property=\"og:description\" content=\"La direcci\u00f3n general de Acci\u00f3n Exterior del Gobierno de Navarra y ADItech organizan del 8 al 10 de abril una misi\u00f3n empresarial con el objetivo de acercar Navarra a Europa. Incluye participar en un evento clave, que se centra en tem\u00e1ticas estrat\u00e9gicas para el futuro...\" \/>\n<meta property=\"og:url\" content=\"https:\/\/www.aditech.com\/es\/evento\/mision-empresarial-a-bruselas\/\" \/>\n<meta property=\"og:site_name\" content=\"ADItech\" \/>\n<meta property=\"article:modified_time\" content=\"2025-03-24T15:57:11+00:00\" \/>\n<meta property=\"og:image\" content=\"https:\/\/www.aditech.com\/wp-content\/uploads\/2025\/02\/Mission-ADRA-2025-2.jpg\" \/>\n\t<meta property=\"og:image:width\" content=\"1280\" \/>\n\t<meta property=\"og:image:height\" content=\"720\" \/>\n\t<meta property=\"og:image:type\" content=\"image\/jpeg\" \/>\n<meta name=\"twitter:card\" content=\"summary_large_image\" \/>\n<meta name=\"twitter:label1\" content=\"Tiempo de lectura\" \/>\n\t<meta name=\"twitter:data1\" content=\"2 minutos\" \/>\n<script type=\"application\/ld+json\" class=\"yoast-schema-graph\">{\"@context\":\"https:\\\/\\\/schema.org\",\"@graph\":[{\"@type\":\"WebPage\",\"@id\":\"https:\\\/\\\/www.aditech.com\\\/es\\\/evento\\\/mision-empresarial-a-bruselas\\\/\",\"url\":\"https:\\\/\\\/www.aditech.com\\\/es\\\/evento\\\/mision-empresarial-a-bruselas\\\/\",\"name\":\"Misi\u00f3n empresarial a Bruselas - ADItech\",\"isPartOf\":{\"@id\":\"https:\\\/\\\/www.aditech.com\\\/es\\\/#website\"},\"primaryImageOfPage\":{\"@id\":\"https:\\\/\\\/www.aditech.com\\\/es\\\/evento\\\/mision-empresarial-a-bruselas\\\/#primaryimage\"},\"image\":{\"@id\":\"https:\\\/\\\/www.aditech.com\\\/es\\\/evento\\\/mision-empresarial-a-bruselas\\\/#primaryimage\"},\"thumbnailUrl\":\"https:\\\/\\\/www.aditech.com\\\/wp-content\\\/uploads\\\/2025\\\/02\\\/Mission-ADRA-2025-2.jpg\",\"datePublished\":\"2025-02-18T14:16:12+00:00\",\"dateModified\":\"2025-03-24T15:57:11+00:00\",\"breadcrumb\":{\"@id\":\"https:\\\/\\\/www.aditech.com\\\/es\\\/evento\\\/mision-empresarial-a-bruselas\\\/#breadcrumb\"},\"inLanguage\":\"es\",\"potentialAction\":[{\"@type\":\"ReadAction\",\"target\":[\"https:\\\/\\\/www.aditech.com\\\/es\\\/evento\\\/mision-empresarial-a-bruselas\\\/\"]}]},{\"@type\":\"ImageObject\",\"inLanguage\":\"es\",\"@id\":\"https:\\\/\\\/www.aditech.com\\\/es\\\/evento\\\/mision-empresarial-a-bruselas\\\/#primaryimage\",\"url\":\"https:\\\/\\\/www.aditech.com\\\/wp-content\\\/uploads\\\/2025\\\/02\\\/Mission-ADRA-2025-2.jpg\",\"contentUrl\":\"https:\\\/\\\/www.aditech.com\\\/wp-content\\\/uploads\\\/2025\\\/02\\\/Mission-ADRA-2025-2.jpg\",\"width\":1280,\"height\":720},{\"@type\":\"BreadcrumbList\",\"@id\":\"https:\\\/\\\/www.aditech.com\\\/es\\\/evento\\\/mision-empresarial-a-bruselas\\\/#breadcrumb\",\"itemListElement\":[{\"@type\":\"ListItem\",\"position\":1,\"name\":\"Portada\",\"item\":\"https:\\\/\\\/www.aditech.com\\\/es\\\/\"},{\"@type\":\"ListItem\",\"position\":2,\"name\":\"Events\",\"item\":\"https:\\\/\\\/www.aditech.com\\\/en\\\/evento\\\/\"},{\"@type\":\"ListItem\",\"position\":3,\"name\":\"Misi\u00f3n empresarial a Bruselas\"}]},{\"@type\":\"WebSite\",\"@id\":\"https:\\\/\\\/www.aditech.com\\\/es\\\/#website\",\"url\":\"https:\\\/\\\/www.aditech.com\\\/es\\\/\",\"name\":\"ADItech\",\"description\":\"\",\"potentialAction\":[{\"@type\":\"SearchAction\",\"target\":{\"@type\":\"EntryPoint\",\"urlTemplate\":\"https:\\\/\\\/www.aditech.com\\\/es\\\/?s={search_term_string}\"},\"query-input\":{\"@type\":\"PropertyValueSpecification\",\"valueRequired\":true,\"valueName\":\"search_term_string\"}}],\"inLanguage\":\"es\"}]}<\/script>\n<!-- \/ Yoast SEO plugin. -->","yoast_head_json":{"title":"Misi\u00f3n empresarial a Bruselas - ADItech","robots":{"index":"index","follow":"follow","max-snippet":"max-snippet:-1","max-image-preview":"max-image-preview:large","max-video-preview":"max-video-preview:-1"},"canonical":"https:\/\/www.aditech.com\/es\/evento\/mision-empresarial-a-bruselas\/","og_locale":"es_ES","og_type":"article","og_title":"Misi\u00f3n empresarial a Bruselas - ADItech","og_description":"La direcci\u00f3n general de Acci\u00f3n Exterior del Gobierno de Navarra y ADItech organizan del 8 al 10 de abril una misi\u00f3n empresarial con el objetivo de acercar Navarra a Europa. Incluye participar en un evento clave, que se centra en tem\u00e1ticas estrat\u00e9gicas para el futuro...","og_url":"https:\/\/www.aditech.com\/es\/evento\/mision-empresarial-a-bruselas\/","og_site_name":"ADItech","article_modified_time":"2025-03-24T15:57:11+00:00","og_image":[{"width":1280,"height":720,"url":"https:\/\/www.aditech.com\/wp-content\/uploads\/2025\/02\/Mission-ADRA-2025-2.jpg","type":"image\/jpeg"}],"twitter_card":"summary_large_image","twitter_misc":{"Tiempo de lectura":"2 minutos"},"schema":{"@context":"https:\/\/schema.org","@graph":[{"@type":"WebPage","@id":"https:\/\/www.aditech.com\/es\/evento\/mision-empresarial-a-bruselas\/","url":"https:\/\/www.aditech.com\/es\/evento\/mision-empresarial-a-bruselas\/","name":"Misi\u00f3n empresarial a Bruselas - ADItech","isPartOf":{"@id":"https:\/\/www.aditech.com\/es\/#website"},"primaryImageOfPage":{"@id":"https:\/\/www.aditech.com\/es\/evento\/mision-empresarial-a-bruselas\/#primaryimage"},"image":{"@id":"https:\/\/www.aditech.com\/es\/evento\/mision-empresarial-a-bruselas\/#primaryimage"},"thumbnailUrl":"https:\/\/www.aditech.com\/wp-content\/uploads\/2025\/02\/Mission-ADRA-2025-2.jpg","datePublished":"2025-02-18T14:16:12+00:00","dateModified":"2025-03-24T15:57:11+00:00","breadcrumb":{"@id":"https:\/\/www.aditech.com\/es\/evento\/mision-empresarial-a-bruselas\/#breadcrumb"},"inLanguage":"es","potentialAction":[{"@type":"ReadAction","target":["https:\/\/www.aditech.com\/es\/evento\/mision-empresarial-a-bruselas\/"]}]},{"@type":"ImageObject","inLanguage":"es","@id":"https:\/\/www.aditech.com\/es\/evento\/mision-empresarial-a-bruselas\/#primaryimage","url":"https:\/\/www.aditech.com\/wp-content\/uploads\/2025\/02\/Mission-ADRA-2025-2.jpg","contentUrl":"https:\/\/www.aditech.com\/wp-content\/uploads\/2025\/02\/Mission-ADRA-2025-2.jpg","width":1280,"height":720},{"@type":"BreadcrumbList","@id":"https:\/\/www.aditech.com\/es\/evento\/mision-empresarial-a-bruselas\/#breadcrumb","itemListElement":[{"@type":"ListItem","position":1,"name":"Portada","item":"https:\/\/www.aditech.com\/es\/"},{"@type":"ListItem","position":2,"name":"Events","item":"https:\/\/www.aditech.com\/en\/evento\/"},{"@type":"ListItem","position":3,"name":"Misi\u00f3n empresarial a Bruselas"}]},{"@type":"WebSite","@id":"https:\/\/www.aditech.com\/es\/#website","url":"https:\/\/www.aditech.com\/es\/","name":"ADItech","description":"","potentialAction":[{"@type":"SearchAction","target":{"@type":"EntryPoint","urlTemplate":"https:\/\/www.aditech.com\/es\/?s={search_term_string}"},"query-input":{"@type":"PropertyValueSpecification","valueRequired":true,"valueName":"search_term_string"}}],"inLanguage":"es"}]}},"_links":{"self":[{"href":"https:\/\/www.aditech.com\/es\/wp-json\/wp\/v2\/ajde_events\/16734","targetHints":{"allow":["GET"]}}],"collection":[{"href":"https:\/\/www.aditech.com\/es\/wp-json\/wp\/v2\/ajde_events"}],"about":[{"href":"https:\/\/www.aditech.com\/es\/wp-json\/wp\/v2\/types\/ajde_events"}],"author":[{"embeddable":true,"href":"https:\/\/www.aditech.com\/es\/wp-json\/wp\/v2\/users\/25"}],"replies":[{"embeddable":true,"href":"https:\/\/www.aditech.com\/es\/wp-json\/wp\/v2\/comments?post=16734"}],"wp:featuredmedia":[{"embeddable":true,"href":"https:\/\/www.aditech.com\/es\/wp-json\/wp\/v2\/media\/16820"}],"wp:attachment":[{"href":"https:\/\/www.aditech.com\/es\/wp-json\/wp\/v2\/media?parent=16734"}],"wp:term":[{"taxonomy":"post_tag","embeddable":true,"href":"https:\/\/www.aditech.com\/es\/wp-json\/wp\/v2\/tags?post=16734"},{"taxonomy":"event_type","embeddable":true,"href":"https:\/\/www.aditech.com\/es\/wp-json\/wp\/v2\/event_type?post=16734"},{"taxonomy":"event_type_2","embeddable":true,"href":"https:\/\/www.aditech.com\/es\/wp-json\/wp\/v2\/event_type_2?post=16734"}],"curies":[{"name":"wp","href":"https:\/\/api.w.org\/{rel}","templated":true}]}}

Misión empresarial a Bruselas

<p>La dirección general de Acción Exterior del Gobierno de Navarra y ADItech organizan del 8 al 10 de abril una misión empresarial con el objetivo de acercar <strong>Navarra a Europa</strong>.</p>
<p>Incluye participar en un evento clave, que se centra en temáticas estratégicas para el futuro de Europa y para el desarrollo económico de Navarra.</p>
<ul>
<li><strong><a href="https://adr-association.eu/events/european-convergence-summit-ecs-2025" target="_blank" rel="noopener">European Convergence Summit (ECS)</a>: </strong>para empresas de <strong>inteligencia artificial, robótica y big data</strong></li>
</ul>
<p style="padding-left: 40px;">Organizado por la <strong>Asociación de Inteligencia Artificial, Datos y Robótica (ADRA)</strong>, este evento reúne a los principales actores europeos en tecnologías avanzadas. Su objetivo es impulsar la innovación, la aceptación y la adopción de estas tecnologías, asegurando que Europa alcance la soberanía en el desarrollo y despliegue de sistemas de IA, datos y robótica seguros y alineados con los valores de la UE.</p>
<p style="padding-left: 40px;">*Cada participante deberá formalizar su inscripción a la mayor brevedad posible, a través del <a href="https://adr-association.eu/events/european-convergence-summit-ecs-2025" target="_blank" rel="noopener">siguiente enlace</a>. Plazas limitadas</p>
<p>La misión se dirige a empresas de Navarra de los sectores descritos, con interés en participar en proyectos europeos y en establecer contacto con socios potenciales a escala europea e internacional.</p>
<p><strong>Plazas limitadas</strong><br />
Fecha de cierre de inscripción: 21 de marzo 2025 (14:00 CET)</p>
<p>Además, el 8 de abril, tendrá lugar en Bruselas, la conferencia Cleantech 2025. Si tienes interés en asistir, ADItech ofrece la posibilidad de acompañarte. Más información <a href="https://www.aditech.com/wp-content/uploads/2025/02/Ficha-Tematica_Cleantech.pdf" target="_blank" rel="noopener">aquí</a></p>
<table style="border-collapse: collapse; width: 100%;">
<tbody>
<tr>
<td style="width: 33.3333%;">
<table style="width: 100%; border-collapse: collapse; background-color: #858585; height: 24px;">
<tbody>
<tr style="height: 24px;">
<td style="width: 100%; text-align: center; height: 24px;"><a href="https://www.aditech.com/wp-content/uploads/2025/03/Mision-empresarial-a-Bruselas.pdf" target="_blank" rel="noopener"><strong><span style="color: #ffffff;">Accede aquí a toda la información</span></strong></a></td>
</tr>
</tbody>
</table>
</td>
<td style="width: 33.3333%;"></td>
<td style="width: 33.3333%;"></td>
</tr>
</tbody>
</table>
<p>&nbsp;</p>
<h2><strong>AGENDA</strong></h2>
<p><strong>Día 1:  8 abril 2025</strong></p>
<p>Llegada a Bruselas</p>
<p><strong>Día 2: 9 abril 2025</strong></p>
<p>09:00 &#8211; 18:00h    <a href="https://adr-association.eu/events/european-convergence-summit-ecs-2025">European Convergence Summit</a> | <em>The Concert Noble, Rue d&#8217;Arlon 63 Brussels, Belgium</em></p>
<p><strong>Día 3: 10 abril 2025</strong></p>
<p>09:00 &#8211; 09:30h   Bienvenida y servicios de la <strong>Delegación de</strong> <strong>Gobierno de Navarra</strong></p>
<p>09:30 &#8211; 10:00h   Servicios <strong>CDTI &#8211; SOST</strong></p>
<p>10:00 &#8211; 10:30h   Oportunidades de <strong>ADRA</strong></p>
<p>10:30 &#8211; 11:00h   Oportunidades financiación <strong>Comisión Europea</strong></p>
<p>11:00 &#8211; 12:00h   Networking y café/lunch en la <strong>Delegación</strong> y despedida</p>
<p>Regreso</p>
<p>&nbsp;</p>
<p><span style="color: #800000;"><strong>Inscripciones cerradas. </strong></span></p>
<p>Si tienes alguna pregunta escribe a comunicacion@aditech.com</p>
<p>&nbsp;</p>

<!-- This site is optimized with the Yoast SEO plugin v27.3 - https://yoast.com/product/yoast-seo-wordpress/ -->
<title>Misión empresarial a Bruselas - ADItech</title>
<meta name="robots" content="index, follow, max-snippet:-1, max-image-preview:large, max-video-preview:-1" />
<link rel="canonical" href="https://www.aditech.com/es/evento/mision-empresarial-a-bruselas/" />
<meta property="og:locale" content="es_ES" />
<meta property="og:type" content="article" />
<meta property="og:title" content="Misión empresarial a Bruselas - ADItech" />
<meta property="og:description" content="La dirección general de Acción Exterior del Gobierno de Navarra y ADItech organizan del 8 al 10 de abril una misión empresarial con el objetivo de acercar Navarra a Europa. Incluye participar en un evento clave, que se centra en temáticas estratégicas para el futuro..." />
<meta property="og:url" content="https://www.aditech.com/es/evento/mision-empresarial-a-bruselas/" />
<meta property="og:site_name" content="ADItech" />
<meta property="article:modified_time" content="2025-03-24T15:57:11+00:00" />
<meta property="og:image" content="https://www.aditech.com/wp-content/uploads/2025/02/Mission-ADRA-2025-2.jpg" />
	<meta property="og:image:width" content="1280" />
	<meta property="og:image:height" content="720" />
	<meta property="og:image:type" content="image/jpeg" />
<meta name="twitter:card" content="summary_large_image" />
<meta name="twitter:label1" content="Tiempo de lectura" />
	<meta name="twitter:data1" content="2 minutos" />
<script type="application/ld+json" class="yoast-schema-graph">{"@context":"https:\/\/schema.org","@graph":[{"@type":"WebPage","@id":"https:\/\/www.aditech.com\/es\/evento\/mision-empresarial-a-bruselas\/","url":"https:\/\/www.aditech.com\/es\/evento\/mision-empresarial-a-bruselas\/","name":"Misión empresarial a Bruselas - ADItech","isPartOf":{"@id":"https:\/\/www.aditech.com\/es\/#website"},"primaryImageOfPage":{"@id":"https:\/\/www.aditech.com\/es\/evento\/mision-empresarial-a-bruselas\/#primaryimage"},"image":{"@id":"https:\/\/www.aditech.com\/es\/evento\/mision-empresarial-a-bruselas\/#primaryimage"},"thumbnailUrl":"https:\/\/www.aditech.com\/wp-content\/uploads\/2025\/02\/Mission-ADRA-2025-2.jpg","datePublished":"2025-02-18T14:16:12+00:00","dateModified":"2025-03-24T15:57:11+00:00","breadcrumb":{"@id":"https:\/\/www.aditech.com\/es\/evento\/mision-empresarial-a-bruselas\/#breadcrumb"},"inLanguage":"es","potentialAction":[{"@type":"ReadAction","target":["https:\/\/www.aditech.com\/es\/evento\/mision-empresarial-a-bruselas\/"]}]},{"@type":"ImageObject","inLanguage":"es","@id":"https:\/\/www.aditech.com\/es\/evento\/mision-empresarial-a-bruselas\/#primaryimage","url":"https:\/\/www.aditech.com\/wp-content\/uploads\/2025\/02\/Mission-ADRA-2025-2.jpg","contentUrl":"https:\/\/www.aditech.com\/wp-content\/uploads\/2025\/02\/Mission-ADRA-2025-2.jpg","width":1280,"height":720},{"@type":"BreadcrumbList","@id":"https:\/\/www.aditech.com\/es\/evento\/mision-empresarial-a-bruselas\/#breadcrumb","itemListElement":[{"@type":"ListItem","position":1,"name":"Portada","item":"https:\/\/www.aditech.com\/es\/"},{"@type":"ListItem","position":2,"name":"Events","item":"https:\/\/www.aditech.com\/en\/evento\/"},{"@type":"ListItem","position":3,"name":"Misión empresarial a Bruselas"}]},{"@type":"WebSite","@id":"https:\/\/www.aditech.com\/es\/#website","url":"https:\/\/www.aditech.com\/es\/","name":"ADItech","description":"","potentialAction":[{"@type":"SearchAction","target":{"@type":"EntryPoint","urlTemplate":"https:\/\/www.aditech.com\/es\/?s={search_term_string}"},"query-input":{"@type":"PropertyValueSpecification","valueRequired":true,"valueName":"search_term_string"}}],"inLanguage":"es"}]}</script>
<!-- / Yoast SEO plugin. -->

Misión empresarial a Bruselas - ADItech

La dirección general de Acción Exterior del Gobierno de Navarra y ADItech organizan del 8 al 10 de abril una misión empresarial con el objetivo de acercar Navarra a Europa. Incluye participar en un evento clave, que se centra en temáticas estratégicas para el futuro...
