{"id":14836,"date":"2024-07-22T12:02:16","date_gmt":"2024-07-22T11:02:16","guid":{"rendered":"https:\/\/www.aditech.com\/es\/?post_type=ajde_events&#038;p=14836"},"modified":"2024-07-22T12:02:16","modified_gmt":"2024-07-22T11:02:16","slug":"1er-encuentro-sectorial-de-salud-de-navarra","status":"publish","type":"ajde_events","link":"https:\/\/www.aditech.com\/es\/evento\/1er-encuentro-sectorial-de-salud-de-navarra\/","title":{"rendered":"1er Encuentro Sectorial de Salud de Navarra"},"content":{"rendered":"<p>Te presentamos un evento enfocado en la transferencia tecnol\u00f3gica y en aquellas capacidades \u00ab<em>Ready to Transfer<\/em>\u00bb del sector salud de Navarra.<\/p>\n<p>\u00bfQu\u00e9 vas a tener?:<\/p>\n<ul>\n<li>Una visi\u00f3n completa de las capacidades y tecnolog\u00edas en salud (farma, biofarma, biotech, medtec, e-health) con un enfoque \u00abReady to transfer\u00bb\n<ul>\n<li>\u00a0Ponentes confirmados: ain, CS centro stirling, Cima, CNTA, IdiSNA, NAIR CENTER, NAITEC, \u00a0Nasertic, NAVARRABIOMED, Universidad de Navarra, upna.<\/li>\n<\/ul>\n<\/li>\n<li>Espacio para Networking<\/li>\n<li>Resumen \u00abReady to Transfer\u00bb disponible con antelaci\u00f3n<\/li>\n<\/ul>\n<p>Para qui\u00e9n est\u00e1 pensado este evento:<\/p>\n<ul>\n<li>Por parte de las empresas y entidades del sector salud: direcciones o responsables de innovaci\u00f3n, de I+D, desarrollo de producto, CEOs, CSO, CTO, project managers\u2026<\/li>\n<li>Por parte de los agentes SINAI: direcciones o responsables de dpto comercial, transferencia e innovaci\u00f3n, desarrollo de negocio, l\u00edderes de grupo, investigadores\/as<\/li>\n<\/ul>\n<p>&nbsp;<\/p>\n<p><strong>AGENDA PREVISTA:<\/strong><\/p>\n<p>8.30 &#8211; 9.30 Visita guiada a Navarrabiomed (opcional)<\/p>\n<p>9.30 &#8211; Bienvenida y Apertura Institucional<\/p>\n<p>9.40- Presentaci\u00f3n del Polo IRIS y el proyecto europeo EDIH<\/p>\n<p>9.45 &#8211; Capacidades, servicios y tecnolog\u00edas\u00a0<em>Ready to Transfer<\/em>\u00a0(Bloque 1)<\/p>\n<ul>\n<li>NAVARRABIOMED<\/li>\n<li>CS &#8211; centro stirling<\/li>\n<li>NAIR CENTER<\/li>\n<li>Universidad de Navarra<\/li>\n<li>CNTA<\/li>\n<li>NAITEC<\/li>\n<\/ul>\n<p>11.20 &#8211; Pausa Cafe &#8211; Networking<\/p>\n<p>11.50 &#8211; Capacidades, servicios y tecnolog\u00edas\u00a0<em>Ready to Transfer<\/em>\u00a0(Bloque 2)<\/p>\n<ul>\n<li>Cima<\/li>\n<li>upna<\/li>\n<li>IdiSNA<\/li>\n<li>ain<\/li>\n<li>nasertic<\/li>\n<\/ul>\n<p>13.10- Cierre de la jornada<\/p>\n<p>13.15 &#8211; Aperitivo &#8211; Networking<\/p>\n","protected":false},"author":24,"featured_media":14837,"menu_order":0,"comment_status":"open","ping_status":"closed","template":"","meta":[],"tags":[],"event_type":[568],"event_type_2":[],"class_list":["post-14836","ajde_events","type-ajde_events","status-publish","has-post-thumbnail","hentry","event_type-jornada"],"yoast_head":"<!-- This site is optimized with the Yoast SEO plugin v27.3 - https:\/\/yoast.com\/product\/yoast-seo-wordpress\/ -->\n<title>1er Encuentro Sectorial de Salud de Navarra - ADItech<\/title>\n<meta name=\"robots\" content=\"index, follow, max-snippet:-1, max-image-preview:large, max-video-preview:-1\" \/>\n<link rel=\"canonical\" href=\"https:\/\/www.aditech.com\/es\/evento\/1er-encuentro-sectorial-de-salud-de-navarra\/\" \/>\n<meta property=\"og:locale\" content=\"es_ES\" \/>\n<meta property=\"og:type\" content=\"article\" \/>\n<meta property=\"og:title\" content=\"1er Encuentro Sectorial de Salud de Navarra - ADItech\" \/>\n<meta property=\"og:description\" content=\"Te presentamos un evento enfocado en la transferencia tecnol\u00f3gica y en aquellas capacidades \u00abReady to Transfer\u00bb del sector salud de Navarra. \u00bfQu\u00e9 vas a tener?: Una visi\u00f3n completa de las capacidades y tecnolog\u00edas en salud (farma, biofarma, biotech, medtec, e-health) con un enfoque \u00abReady to...\" \/>\n<meta property=\"og:url\" content=\"https:\/\/www.aditech.com\/es\/evento\/1er-encuentro-sectorial-de-salud-de-navarra\/\" \/>\n<meta property=\"og:site_name\" content=\"ADItech\" \/>\n<meta property=\"og:image\" content=\"https:\/\/www.aditech.com\/wp-content\/uploads\/2024\/07\/Jornada-salud-NHC-.png\" \/>\n\t<meta property=\"og:image:width\" content=\"1200\" \/>\n\t<meta property=\"og:image:height\" content=\"627\" \/>\n\t<meta property=\"og:image:type\" content=\"image\/png\" \/>\n<meta name=\"twitter:card\" content=\"summary_large_image\" \/>\n<meta name=\"twitter:label1\" content=\"Tiempo de lectura\" \/>\n\t<meta name=\"twitter:data1\" content=\"2 minutos\" \/>\n<script type=\"application\/ld+json\" class=\"yoast-schema-graph\">{\"@context\":\"https:\\\/\\\/schema.org\",\"@graph\":[{\"@type\":\"WebPage\",\"@id\":\"https:\\\/\\\/www.aditech.com\\\/es\\\/evento\\\/1er-encuentro-sectorial-de-salud-de-navarra\\\/\",\"url\":\"https:\\\/\\\/www.aditech.com\\\/es\\\/evento\\\/1er-encuentro-sectorial-de-salud-de-navarra\\\/\",\"name\":\"1er Encuentro Sectorial de Salud de Navarra - ADItech\",\"isPartOf\":{\"@id\":\"https:\\\/\\\/www.aditech.com\\\/es\\\/#website\"},\"primaryImageOfPage\":{\"@id\":\"https:\\\/\\\/www.aditech.com\\\/es\\\/evento\\\/1er-encuentro-sectorial-de-salud-de-navarra\\\/#primaryimage\"},\"image\":{\"@id\":\"https:\\\/\\\/www.aditech.com\\\/es\\\/evento\\\/1er-encuentro-sectorial-de-salud-de-navarra\\\/#primaryimage\"},\"thumbnailUrl\":\"https:\\\/\\\/www.aditech.com\\\/wp-content\\\/uploads\\\/2024\\\/07\\\/Jornada-salud-NHC-.png\",\"datePublished\":\"2024-07-22T11:02:16+00:00\",\"breadcrumb\":{\"@id\":\"https:\\\/\\\/www.aditech.com\\\/es\\\/evento\\\/1er-encuentro-sectorial-de-salud-de-navarra\\\/#breadcrumb\"},\"inLanguage\":\"es\",\"potentialAction\":[{\"@type\":\"ReadAction\",\"target\":[\"https:\\\/\\\/www.aditech.com\\\/es\\\/evento\\\/1er-encuentro-sectorial-de-salud-de-navarra\\\/\"]}]},{\"@type\":\"ImageObject\",\"inLanguage\":\"es\",\"@id\":\"https:\\\/\\\/www.aditech.com\\\/es\\\/evento\\\/1er-encuentro-sectorial-de-salud-de-navarra\\\/#primaryimage\",\"url\":\"https:\\\/\\\/www.aditech.com\\\/wp-content\\\/uploads\\\/2024\\\/07\\\/Jornada-salud-NHC-.png\",\"contentUrl\":\"https:\\\/\\\/www.aditech.com\\\/wp-content\\\/uploads\\\/2024\\\/07\\\/Jornada-salud-NHC-.png\",\"width\":1200,\"height\":627},{\"@type\":\"BreadcrumbList\",\"@id\":\"https:\\\/\\\/www.aditech.com\\\/es\\\/evento\\\/1er-encuentro-sectorial-de-salud-de-navarra\\\/#breadcrumb\",\"itemListElement\":[{\"@type\":\"ListItem\",\"position\":1,\"name\":\"Portada\",\"item\":\"https:\\\/\\\/www.aditech.com\\\/es\\\/\"},{\"@type\":\"ListItem\",\"position\":2,\"name\":\"Events\",\"item\":\"https:\\\/\\\/www.aditech.com\\\/en\\\/evento\\\/\"},{\"@type\":\"ListItem\",\"position\":3,\"name\":\"1er Encuentro Sectorial de Salud de Navarra\"}]},{\"@type\":\"WebSite\",\"@id\":\"https:\\\/\\\/www.aditech.com\\\/es\\\/#website\",\"url\":\"https:\\\/\\\/www.aditech.com\\\/es\\\/\",\"name\":\"ADItech\",\"description\":\"\",\"potentialAction\":[{\"@type\":\"SearchAction\",\"target\":{\"@type\":\"EntryPoint\",\"urlTemplate\":\"https:\\\/\\\/www.aditech.com\\\/es\\\/?s={search_term_string}\"},\"query-input\":{\"@type\":\"PropertyValueSpecification\",\"valueRequired\":true,\"valueName\":\"search_term_string\"}}],\"inLanguage\":\"es\"}]}<\/script>\n<!-- \/ Yoast SEO plugin. -->","yoast_head_json":{"title":"1er Encuentro Sectorial de Salud de Navarra - ADItech","robots":{"index":"index","follow":"follow","max-snippet":"max-snippet:-1","max-image-preview":"max-image-preview:large","max-video-preview":"max-video-preview:-1"},"canonical":"https:\/\/www.aditech.com\/es\/evento\/1er-encuentro-sectorial-de-salud-de-navarra\/","og_locale":"es_ES","og_type":"article","og_title":"1er Encuentro Sectorial de Salud de Navarra - ADItech","og_description":"Te presentamos un evento enfocado en la transferencia tecnol\u00f3gica y en aquellas capacidades \u00abReady to Transfer\u00bb del sector salud de Navarra. \u00bfQu\u00e9 vas a tener?: Una visi\u00f3n completa de las capacidades y tecnolog\u00edas en salud (farma, biofarma, biotech, medtec, e-health) con un enfoque \u00abReady to...","og_url":"https:\/\/www.aditech.com\/es\/evento\/1er-encuentro-sectorial-de-salud-de-navarra\/","og_site_name":"ADItech","og_image":[{"width":1200,"height":627,"url":"https:\/\/www.aditech.com\/wp-content\/uploads\/2024\/07\/Jornada-salud-NHC-.png","type":"image\/png"}],"twitter_card":"summary_large_image","twitter_misc":{"Tiempo de lectura":"2 minutos"},"schema":{"@context":"https:\/\/schema.org","@graph":[{"@type":"WebPage","@id":"https:\/\/www.aditech.com\/es\/evento\/1er-encuentro-sectorial-de-salud-de-navarra\/","url":"https:\/\/www.aditech.com\/es\/evento\/1er-encuentro-sectorial-de-salud-de-navarra\/","name":"1er Encuentro Sectorial de Salud de Navarra - ADItech","isPartOf":{"@id":"https:\/\/www.aditech.com\/es\/#website"},"primaryImageOfPage":{"@id":"https:\/\/www.aditech.com\/es\/evento\/1er-encuentro-sectorial-de-salud-de-navarra\/#primaryimage"},"image":{"@id":"https:\/\/www.aditech.com\/es\/evento\/1er-encuentro-sectorial-de-salud-de-navarra\/#primaryimage"},"thumbnailUrl":"https:\/\/www.aditech.com\/wp-content\/uploads\/2024\/07\/Jornada-salud-NHC-.png","datePublished":"2024-07-22T11:02:16+00:00","breadcrumb":{"@id":"https:\/\/www.aditech.com\/es\/evento\/1er-encuentro-sectorial-de-salud-de-navarra\/#breadcrumb"},"inLanguage":"es","potentialAction":[{"@type":"ReadAction","target":["https:\/\/www.aditech.com\/es\/evento\/1er-encuentro-sectorial-de-salud-de-navarra\/"]}]},{"@type":"ImageObject","inLanguage":"es","@id":"https:\/\/www.aditech.com\/es\/evento\/1er-encuentro-sectorial-de-salud-de-navarra\/#primaryimage","url":"https:\/\/www.aditech.com\/wp-content\/uploads\/2024\/07\/Jornada-salud-NHC-.png","contentUrl":"https:\/\/www.aditech.com\/wp-content\/uploads\/2024\/07\/Jornada-salud-NHC-.png","width":1200,"height":627},{"@type":"BreadcrumbList","@id":"https:\/\/www.aditech.com\/es\/evento\/1er-encuentro-sectorial-de-salud-de-navarra\/#breadcrumb","itemListElement":[{"@type":"ListItem","position":1,"name":"Portada","item":"https:\/\/www.aditech.com\/es\/"},{"@type":"ListItem","position":2,"name":"Events","item":"https:\/\/www.aditech.com\/en\/evento\/"},{"@type":"ListItem","position":3,"name":"1er Encuentro Sectorial de Salud de Navarra"}]},{"@type":"WebSite","@id":"https:\/\/www.aditech.com\/es\/#website","url":"https:\/\/www.aditech.com\/es\/","name":"ADItech","description":"","potentialAction":[{"@type":"SearchAction","target":{"@type":"EntryPoint","urlTemplate":"https:\/\/www.aditech.com\/es\/?s={search_term_string}"},"query-input":{"@type":"PropertyValueSpecification","valueRequired":true,"valueName":"search_term_string"}}],"inLanguage":"es"}]}},"_links":{"self":[{"href":"https:\/\/www.aditech.com\/es\/wp-json\/wp\/v2\/ajde_events\/14836","targetHints":{"allow":["GET"]}}],"collection":[{"href":"https:\/\/www.aditech.com\/es\/wp-json\/wp\/v2\/ajde_events"}],"about":[{"href":"https:\/\/www.aditech.com\/es\/wp-json\/wp\/v2\/types\/ajde_events"}],"author":[{"embeddable":true,"href":"https:\/\/www.aditech.com\/es\/wp-json\/wp\/v2\/users\/24"}],"replies":[{"embeddable":true,"href":"https:\/\/www.aditech.com\/es\/wp-json\/wp\/v2\/comments?post=14836"}],"wp:featuredmedia":[{"embeddable":true,"href":"https:\/\/www.aditech.com\/es\/wp-json\/wp\/v2\/media\/14837"}],"wp:attachment":[{"href":"https:\/\/www.aditech.com\/es\/wp-json\/wp\/v2\/media?parent=14836"}],"wp:term":[{"taxonomy":"post_tag","embeddable":true,"href":"https:\/\/www.aditech.com\/es\/wp-json\/wp\/v2\/tags?post=14836"},{"taxonomy":"event_type","embeddable":true,"href":"https:\/\/www.aditech.com\/es\/wp-json\/wp\/v2\/event_type?post=14836"},{"taxonomy":"event_type_2","embeddable":true,"href":"https:\/\/www.aditech.com\/es\/wp-json\/wp\/v2\/event_type_2?post=14836"}],"curies":[{"name":"wp","href":"https:\/\/api.w.org\/{rel}","templated":true}]}}

<p>Te presentamos un evento enfocado en la transferencia tecnológica y en aquellas capacidades «<em>Ready to Transfer</em>» del sector salud de Navarra.</p>
<p>¿Qué vas a tener?:</p>
<ul>
<li>Una visión completa de las capacidades y tecnologías en salud (farma, biofarma, biotech, medtec, e-health) con un enfoque «Ready to transfer»
<ul>
<li> Ponentes confirmados: ain, CS centro stirling, Cima, CNTA, IdiSNA, NAIR CENTER, NAITEC,  Nasertic, NAVARRABIOMED, Universidad de Navarra, upna.</li>
</ul>
</li>
<li>Espacio para Networking</li>
<li>Resumen «Ready to Transfer» disponible con antelación</li>
</ul>
<p>Para quién está pensado este evento:</p>
<ul>
<li>Por parte de las empresas y entidades del sector salud: direcciones o responsables de innovación, de I+D, desarrollo de producto, CEOs, CSO, CTO, project managers…</li>
<li>Por parte de los agentes SINAI: direcciones o responsables de dpto comercial, transferencia e innovación, desarrollo de negocio, líderes de grupo, investigadores/as</li>
</ul>
<p>&nbsp;</p>
<p><strong>AGENDA PREVISTA:</strong></p>
<p>8.30 &#8211; 9.30 Visita guiada a Navarrabiomed (opcional)</p>
<p>9.30 &#8211; Bienvenida y Apertura Institucional</p>
<p>9.40- Presentación del Polo IRIS y el proyecto europeo EDIH</p>
<p>9.45 &#8211; Capacidades, servicios y tecnologías <em>Ready to Transfer</em> (Bloque 1)</p>
<ul>
<li>NAVARRABIOMED</li>
<li>CS &#8211; centro stirling</li>
<li>NAIR CENTER</li>
<li>Universidad de Navarra</li>
<li>CNTA</li>
<li>NAITEC</li>
</ul>
<p>11.20 &#8211; Pausa Cafe &#8211; Networking</p>
<p>11.50 &#8211; Capacidades, servicios y tecnologías <em>Ready to Transfer</em> (Bloque 2)</p>
<ul>
<li>Cima</li>
<li>upna</li>
<li>IdiSNA</li>
<li>ain</li>
<li>nasertic</li>
</ul>
<p>13.10- Cierre de la jornada</p>
<p>13.15 &#8211; Aperitivo &#8211; Networking</p>

<!-- This site is optimized with the Yoast SEO plugin v27.3 - https://yoast.com/product/yoast-seo-wordpress/ -->
<title>1er Encuentro Sectorial de Salud de Navarra - ADItech</title>
<meta name="robots" content="index, follow, max-snippet:-1, max-image-preview:large, max-video-preview:-1" />
<link rel="canonical" href="https://www.aditech.com/es/evento/1er-encuentro-sectorial-de-salud-de-navarra/" />
<meta property="og:locale" content="es_ES" />
<meta property="og:type" content="article" />
<meta property="og:title" content="1er Encuentro Sectorial de Salud de Navarra - ADItech" />
<meta property="og:description" content="Te presentamos un evento enfocado en la transferencia tecnológica y en aquellas capacidades «Ready to Transfer» del sector salud de Navarra. ¿Qué vas a tener?: Una visión completa de las capacidades y tecnologías en salud (farma, biofarma, biotech, medtec, e-health) con un enfoque «Ready to..." />
<meta property="og:url" content="https://www.aditech.com/es/evento/1er-encuentro-sectorial-de-salud-de-navarra/" />
<meta property="og:site_name" content="ADItech" />
<meta property="og:image" content="https://www.aditech.com/wp-content/uploads/2024/07/Jornada-salud-NHC-.png" />
	<meta property="og:image:width" content="1200" />
	<meta property="og:image:height" content="627" />
	<meta property="og:image:type" content="image/png" />
<meta name="twitter:card" content="summary_large_image" />
<meta name="twitter:label1" content="Tiempo de lectura" />
	<meta name="twitter:data1" content="2 minutos" />
<script type="application/ld+json" class="yoast-schema-graph">{"@context":"https:\/\/schema.org","@graph":[{"@type":"WebPage","@id":"https:\/\/www.aditech.com\/es\/evento\/1er-encuentro-sectorial-de-salud-de-navarra\/","url":"https:\/\/www.aditech.com\/es\/evento\/1er-encuentro-sectorial-de-salud-de-navarra\/","name":"1er Encuentro Sectorial de Salud de Navarra - ADItech","isPartOf":{"@id":"https:\/\/www.aditech.com\/es\/#website"},"primaryImageOfPage":{"@id":"https:\/\/www.aditech.com\/es\/evento\/1er-encuentro-sectorial-de-salud-de-navarra\/#primaryimage"},"image":{"@id":"https:\/\/www.aditech.com\/es\/evento\/1er-encuentro-sectorial-de-salud-de-navarra\/#primaryimage"},"thumbnailUrl":"https:\/\/www.aditech.com\/wp-content\/uploads\/2024\/07\/Jornada-salud-NHC-.png","datePublished":"2024-07-22T11:02:16+00:00","breadcrumb":{"@id":"https:\/\/www.aditech.com\/es\/evento\/1er-encuentro-sectorial-de-salud-de-navarra\/#breadcrumb"},"inLanguage":"es","potentialAction":[{"@type":"ReadAction","target":["https:\/\/www.aditech.com\/es\/evento\/1er-encuentro-sectorial-de-salud-de-navarra\/"]}]},{"@type":"ImageObject","inLanguage":"es","@id":"https:\/\/www.aditech.com\/es\/evento\/1er-encuentro-sectorial-de-salud-de-navarra\/#primaryimage","url":"https:\/\/www.aditech.com\/wp-content\/uploads\/2024\/07\/Jornada-salud-NHC-.png","contentUrl":"https:\/\/www.aditech.com\/wp-content\/uploads\/2024\/07\/Jornada-salud-NHC-.png","width":1200,"height":627},{"@type":"BreadcrumbList","@id":"https:\/\/www.aditech.com\/es\/evento\/1er-encuentro-sectorial-de-salud-de-navarra\/#breadcrumb","itemListElement":[{"@type":"ListItem","position":1,"name":"Portada","item":"https:\/\/www.aditech.com\/es\/"},{"@type":"ListItem","position":2,"name":"Events","item":"https:\/\/www.aditech.com\/en\/evento\/"},{"@type":"ListItem","position":3,"name":"1er Encuentro Sectorial de Salud de Navarra"}]},{"@type":"WebSite","@id":"https:\/\/www.aditech.com\/es\/#website","url":"https:\/\/www.aditech.com\/es\/","name":"ADItech","description":"","potentialAction":[{"@type":"SearchAction","target":{"@type":"EntryPoint","urlTemplate":"https:\/\/www.aditech.com\/es\/?s={search_term_string}"},"query-input":{"@type":"PropertyValueSpecification","valueRequired":true,"valueName":"search_term_string"}}],"inLanguage":"es"}]}</script>
<!-- / Yoast SEO plugin. -->

Te presentamos un evento enfocado en la transferencia tecnológica y en aquellas capacidades «Ready to Transfer» del sector salud de Navarra. ¿Qué vas a tener?: Una visión completa de las capacidades y tecnologías en salud (farma, biofarma, biotech, medtec, e-health) con un enfoque «Ready to...
