{"id":10943,"date":"2023-06-21T00:12:20","date_gmt":"2023-06-20T23:12:20","guid":{"rendered":"https:\/\/www.aditech.com\/es\/?post_type=ajde_events&#038;p=10943"},"modified":"2023-06-30T10:47:31","modified_gmt":"2023-06-30T09:47:31","slug":"verano-de-excelencia","status":"publish","type":"ajde_events","link":"https:\/\/www.aditech.com\/es\/evento\/verano-de-excelencia\/","title":{"rendered":"Verano de excelencia"},"content":{"rendered":"<p>\u00bfQuieres saber qu\u00e9 significa incorporar la dimensi\u00f3n de g\u00e9nero en el contenido de la investigaci\u00f3n? Te contamos qu\u00e9 es y c\u00f3mo se concreta a trav\u00e9s del ejemplo de un Proyecto Estrat\u00e9gico.<br \/>\nPonte al d\u00eda con este webinar que organizamos un viernes de cada mes del verano en horario de 10h a 11h.<\/p>\n<p>Ponentes:<\/p>\n<ul>\n<li>Alexandra Mart\u00ednez, t\u00e9cnica de Proyectos en ADItech<\/li>\n<li>Maruxa Arana, responsable de Excelencia y Divulgaci\u00f3n de la I+D+i en ADItech<\/li>\n<\/ul>\n","protected":false},"author":23,"featured_media":10960,"menu_order":0,"comment_status":"open","ping_status":"closed","template":"","meta":[],"tags":[590],"event_type":[],"event_type_2":[574],"class_list":["post-10943","ajde_events","type-ajde_events","status-publish","has-post-thumbnail","hentry","tag-genero","event_type_2-investigacion-con-dimension-de-genero"],"yoast_head":"<!-- This site is optimized with the Yoast SEO plugin v27.3 - https:\/\/yoast.com\/product\/yoast-seo-wordpress\/ -->\n<title>Verano de excelencia - ADItech<\/title>\n<meta name=\"robots\" content=\"index, follow, max-snippet:-1, max-image-preview:large, max-video-preview:-1\" \/>\n<link rel=\"canonical\" href=\"https:\/\/www.aditech.com\/es\/evento\/verano-de-excelencia\/\" \/>\n<meta property=\"og:locale\" content=\"es_ES\" \/>\n<meta property=\"og:type\" content=\"article\" \/>\n<meta property=\"og:title\" content=\"Verano de excelencia - ADItech\" \/>\n<meta property=\"og:description\" content=\"\u00bfQuieres saber qu\u00e9 significa incorporar la dimensi\u00f3n de g\u00e9nero en el contenido de la investigaci\u00f3n? Te contamos qu\u00e9 es y c\u00f3mo se concreta a trav\u00e9s del ejemplo de un Proyecto Estrat\u00e9gico. Ponte al d\u00eda con este webinar que organizamos un viernes de cada mes del...\" \/>\n<meta property=\"og:url\" content=\"https:\/\/www.aditech.com\/es\/evento\/verano-de-excelencia\/\" \/>\n<meta property=\"og:site_name\" content=\"ADItech\" \/>\n<meta property=\"article:modified_time\" content=\"2023-06-30T09:47:31+00:00\" \/>\n<meta property=\"og:image\" content=\"https:\/\/www.aditech.com\/wp-content\/uploads\/2023\/06\/RRSSWebinarExcelenciaVeranoV.2-1.jpg\" \/>\n\t<meta property=\"og:image:width\" content=\"979\" \/>\n\t<meta property=\"og:image:height\" content=\"725\" \/>\n\t<meta property=\"og:image:type\" content=\"image\/jpeg\" \/>\n<meta name=\"twitter:card\" content=\"summary_large_image\" \/>\n<meta name=\"twitter:image\" content=\"https:\/\/www.aditech.com\/wp-content\/uploads\/2023\/06\/RRSSWebinarExcelenciaVeranoV.2-1.jpg\" \/>\n<meta name=\"twitter:label1\" content=\"Tiempo de lectura\" \/>\n\t<meta name=\"twitter:data1\" content=\"1 minuto\" \/>\n<script type=\"application\/ld+json\" class=\"yoast-schema-graph\">{\"@context\":\"https:\\\/\\\/schema.org\",\"@graph\":[{\"@type\":\"WebPage\",\"@id\":\"https:\\\/\\\/www.aditech.com\\\/es\\\/evento\\\/verano-de-excelencia\\\/\",\"url\":\"https:\\\/\\\/www.aditech.com\\\/es\\\/evento\\\/verano-de-excelencia\\\/\",\"name\":\"Verano de excelencia - ADItech\",\"isPartOf\":{\"@id\":\"https:\\\/\\\/www.aditech.com\\\/es\\\/#website\"},\"primaryImageOfPage\":{\"@id\":\"https:\\\/\\\/www.aditech.com\\\/es\\\/evento\\\/verano-de-excelencia\\\/#primaryimage\"},\"image\":{\"@id\":\"https:\\\/\\\/www.aditech.com\\\/es\\\/evento\\\/verano-de-excelencia\\\/#primaryimage\"},\"thumbnailUrl\":\"https:\\\/\\\/www.aditech.com\\\/wp-content\\\/uploads\\\/2023\\\/06\\\/ImagenWebinarExcelenciaVeranoV.2-1.jpg\",\"datePublished\":\"2023-06-20T23:12:20+00:00\",\"dateModified\":\"2023-06-30T09:47:31+00:00\",\"breadcrumb\":{\"@id\":\"https:\\\/\\\/www.aditech.com\\\/es\\\/evento\\\/verano-de-excelencia\\\/#breadcrumb\"},\"inLanguage\":\"es\",\"potentialAction\":[{\"@type\":\"ReadAction\",\"target\":[\"https:\\\/\\\/www.aditech.com\\\/es\\\/evento\\\/verano-de-excelencia\\\/\"]}]},{\"@type\":\"ImageObject\",\"inLanguage\":\"es\",\"@id\":\"https:\\\/\\\/www.aditech.com\\\/es\\\/evento\\\/verano-de-excelencia\\\/#primaryimage\",\"url\":\"https:\\\/\\\/www.aditech.com\\\/wp-content\\\/uploads\\\/2023\\\/06\\\/ImagenWebinarExcelenciaVeranoV.2-1.jpg\",\"contentUrl\":\"https:\\\/\\\/www.aditech.com\\\/wp-content\\\/uploads\\\/2023\\\/06\\\/ImagenWebinarExcelenciaVeranoV.2-1.jpg\",\"width\":1287,\"height\":723},{\"@type\":\"BreadcrumbList\",\"@id\":\"https:\\\/\\\/www.aditech.com\\\/es\\\/evento\\\/verano-de-excelencia\\\/#breadcrumb\",\"itemListElement\":[{\"@type\":\"ListItem\",\"position\":1,\"name\":\"Portada\",\"item\":\"https:\\\/\\\/www.aditech.com\\\/es\\\/\"},{\"@type\":\"ListItem\",\"position\":2,\"name\":\"Events\",\"item\":\"https:\\\/\\\/www.aditech.com\\\/en\\\/evento\\\/\"},{\"@type\":\"ListItem\",\"position\":3,\"name\":\"Verano de excelencia\"}]},{\"@type\":\"WebSite\",\"@id\":\"https:\\\/\\\/www.aditech.com\\\/es\\\/#website\",\"url\":\"https:\\\/\\\/www.aditech.com\\\/es\\\/\",\"name\":\"ADItech\",\"description\":\"\",\"potentialAction\":[{\"@type\":\"SearchAction\",\"target\":{\"@type\":\"EntryPoint\",\"urlTemplate\":\"https:\\\/\\\/www.aditech.com\\\/es\\\/?s={search_term_string}\"},\"query-input\":{\"@type\":\"PropertyValueSpecification\",\"valueRequired\":true,\"valueName\":\"search_term_string\"}}],\"inLanguage\":\"es\"}]}<\/script>\n<!-- \/ Yoast SEO plugin. -->","yoast_head_json":{"title":"Verano de excelencia - ADItech","robots":{"index":"index","follow":"follow","max-snippet":"max-snippet:-1","max-image-preview":"max-image-preview:large","max-video-preview":"max-video-preview:-1"},"canonical":"https:\/\/www.aditech.com\/es\/evento\/verano-de-excelencia\/","og_locale":"es_ES","og_type":"article","og_title":"Verano de excelencia - ADItech","og_description":"\u00bfQuieres saber qu\u00e9 significa incorporar la dimensi\u00f3n de g\u00e9nero en el contenido de la investigaci\u00f3n? Te contamos qu\u00e9 es y c\u00f3mo se concreta a trav\u00e9s del ejemplo de un Proyecto Estrat\u00e9gico. Ponte al d\u00eda con este webinar que organizamos un viernes de cada mes del...","og_url":"https:\/\/www.aditech.com\/es\/evento\/verano-de-excelencia\/","og_site_name":"ADItech","article_modified_time":"2023-06-30T09:47:31+00:00","og_image":[{"width":979,"height":725,"url":"https:\/\/www.aditech.com\/wp-content\/uploads\/2023\/06\/RRSSWebinarExcelenciaVeranoV.2-1.jpg","type":"image\/jpeg"}],"twitter_card":"summary_large_image","twitter_image":"https:\/\/www.aditech.com\/wp-content\/uploads\/2023\/06\/RRSSWebinarExcelenciaVeranoV.2-1.jpg","twitter_misc":{"Tiempo de lectura":"1 minuto"},"schema":{"@context":"https:\/\/schema.org","@graph":[{"@type":"WebPage","@id":"https:\/\/www.aditech.com\/es\/evento\/verano-de-excelencia\/","url":"https:\/\/www.aditech.com\/es\/evento\/verano-de-excelencia\/","name":"Verano de excelencia - ADItech","isPartOf":{"@id":"https:\/\/www.aditech.com\/es\/#website"},"primaryImageOfPage":{"@id":"https:\/\/www.aditech.com\/es\/evento\/verano-de-excelencia\/#primaryimage"},"image":{"@id":"https:\/\/www.aditech.com\/es\/evento\/verano-de-excelencia\/#primaryimage"},"thumbnailUrl":"https:\/\/www.aditech.com\/wp-content\/uploads\/2023\/06\/ImagenWebinarExcelenciaVeranoV.2-1.jpg","datePublished":"2023-06-20T23:12:20+00:00","dateModified":"2023-06-30T09:47:31+00:00","breadcrumb":{"@id":"https:\/\/www.aditech.com\/es\/evento\/verano-de-excelencia\/#breadcrumb"},"inLanguage":"es","potentialAction":[{"@type":"ReadAction","target":["https:\/\/www.aditech.com\/es\/evento\/verano-de-excelencia\/"]}]},{"@type":"ImageObject","inLanguage":"es","@id":"https:\/\/www.aditech.com\/es\/evento\/verano-de-excelencia\/#primaryimage","url":"https:\/\/www.aditech.com\/wp-content\/uploads\/2023\/06\/ImagenWebinarExcelenciaVeranoV.2-1.jpg","contentUrl":"https:\/\/www.aditech.com\/wp-content\/uploads\/2023\/06\/ImagenWebinarExcelenciaVeranoV.2-1.jpg","width":1287,"height":723},{"@type":"BreadcrumbList","@id":"https:\/\/www.aditech.com\/es\/evento\/verano-de-excelencia\/#breadcrumb","itemListElement":[{"@type":"ListItem","position":1,"name":"Portada","item":"https:\/\/www.aditech.com\/es\/"},{"@type":"ListItem","position":2,"name":"Events","item":"https:\/\/www.aditech.com\/en\/evento\/"},{"@type":"ListItem","position":3,"name":"Verano de excelencia"}]},{"@type":"WebSite","@id":"https:\/\/www.aditech.com\/es\/#website","url":"https:\/\/www.aditech.com\/es\/","name":"ADItech","description":"","potentialAction":[{"@type":"SearchAction","target":{"@type":"EntryPoint","urlTemplate":"https:\/\/www.aditech.com\/es\/?s={search_term_string}"},"query-input":{"@type":"PropertyValueSpecification","valueRequired":true,"valueName":"search_term_string"}}],"inLanguage":"es"}]}},"_links":{"self":[{"href":"https:\/\/www.aditech.com\/es\/wp-json\/wp\/v2\/ajde_events\/10943","targetHints":{"allow":["GET"]}}],"collection":[{"href":"https:\/\/www.aditech.com\/es\/wp-json\/wp\/v2\/ajde_events"}],"about":[{"href":"https:\/\/www.aditech.com\/es\/wp-json\/wp\/v2\/types\/ajde_events"}],"author":[{"embeddable":true,"href":"https:\/\/www.aditech.com\/es\/wp-json\/wp\/v2\/users\/23"}],"replies":[{"embeddable":true,"href":"https:\/\/www.aditech.com\/es\/wp-json\/wp\/v2\/comments?post=10943"}],"wp:featuredmedia":[{"embeddable":true,"href":"https:\/\/www.aditech.com\/es\/wp-json\/wp\/v2\/media\/10960"}],"wp:attachment":[{"href":"https:\/\/www.aditech.com\/es\/wp-json\/wp\/v2\/media?parent=10943"}],"wp:term":[{"taxonomy":"post_tag","embeddable":true,"href":"https:\/\/www.aditech.com\/es\/wp-json\/wp\/v2\/tags?post=10943"},{"taxonomy":"event_type","embeddable":true,"href":"https:\/\/www.aditech.com\/es\/wp-json\/wp\/v2\/event_type?post=10943"},{"taxonomy":"event_type_2","embeddable":true,"href":"https:\/\/www.aditech.com\/es\/wp-json\/wp\/v2\/event_type_2?post=10943"}],"curies":[{"name":"wp","href":"https:\/\/api.w.org\/{rel}","templated":true}]}}

<p>¿Quieres saber qué significa incorporar la dimensión de género en el contenido de la investigación? Te contamos qué es y cómo se concreta a través del ejemplo de un Proyecto Estratégico.<br />
Ponte al día con este webinar que organizamos un viernes de cada mes del verano en horario de 10h a 11h.</p>
<p>Ponentes:</p>
<ul>
<li>Alexandra Martínez, técnica de Proyectos en ADItech</li>
<li>Maruxa Arana, responsable de Excelencia y Divulgación de la I+D+i en ADItech</li>
</ul>

<!-- This site is optimized with the Yoast SEO plugin v27.3 - https://yoast.com/product/yoast-seo-wordpress/ -->
<title>Verano de excelencia - ADItech</title>
<meta name="robots" content="index, follow, max-snippet:-1, max-image-preview:large, max-video-preview:-1" />
<link rel="canonical" href="https://www.aditech.com/es/evento/verano-de-excelencia/" />
<meta property="og:locale" content="es_ES" />
<meta property="og:type" content="article" />
<meta property="og:title" content="Verano de excelencia - ADItech" />
<meta property="og:description" content="¿Quieres saber qué significa incorporar la dimensión de género en el contenido de la investigación? Te contamos qué es y cómo se concreta a través del ejemplo de un Proyecto Estratégico. Ponte al día con este webinar que organizamos un viernes de cada mes del..." />
<meta property="og:url" content="https://www.aditech.com/es/evento/verano-de-excelencia/" />
<meta property="og:site_name" content="ADItech" />
<meta property="article:modified_time" content="2023-06-30T09:47:31+00:00" />
<meta property="og:image" content="https://www.aditech.com/wp-content/uploads/2023/06/RRSSWebinarExcelenciaVeranoV.2-1.jpg" />
	<meta property="og:image:width" content="979" />
	<meta property="og:image:height" content="725" />
	<meta property="og:image:type" content="image/jpeg" />
<meta name="twitter:card" content="summary_large_image" />
<meta name="twitter:image" content="https://www.aditech.com/wp-content/uploads/2023/06/RRSSWebinarExcelenciaVeranoV.2-1.jpg" />
<meta name="twitter:label1" content="Tiempo de lectura" />
	<meta name="twitter:data1" content="1 minuto" />
<script type="application/ld+json" class="yoast-schema-graph">{"@context":"https:\/\/schema.org","@graph":[{"@type":"WebPage","@id":"https:\/\/www.aditech.com\/es\/evento\/verano-de-excelencia\/","url":"https:\/\/www.aditech.com\/es\/evento\/verano-de-excelencia\/","name":"Verano de excelencia - ADItech","isPartOf":{"@id":"https:\/\/www.aditech.com\/es\/#website"},"primaryImageOfPage":{"@id":"https:\/\/www.aditech.com\/es\/evento\/verano-de-excelencia\/#primaryimage"},"image":{"@id":"https:\/\/www.aditech.com\/es\/evento\/verano-de-excelencia\/#primaryimage"},"thumbnailUrl":"https:\/\/www.aditech.com\/wp-content\/uploads\/2023\/06\/ImagenWebinarExcelenciaVeranoV.2-1.jpg","datePublished":"2023-06-20T23:12:20+00:00","dateModified":"2023-06-30T09:47:31+00:00","breadcrumb":{"@id":"https:\/\/www.aditech.com\/es\/evento\/verano-de-excelencia\/#breadcrumb"},"inLanguage":"es","potentialAction":[{"@type":"ReadAction","target":["https:\/\/www.aditech.com\/es\/evento\/verano-de-excelencia\/"]}]},{"@type":"ImageObject","inLanguage":"es","@id":"https:\/\/www.aditech.com\/es\/evento\/verano-de-excelencia\/#primaryimage","url":"https:\/\/www.aditech.com\/wp-content\/uploads\/2023\/06\/ImagenWebinarExcelenciaVeranoV.2-1.jpg","contentUrl":"https:\/\/www.aditech.com\/wp-content\/uploads\/2023\/06\/ImagenWebinarExcelenciaVeranoV.2-1.jpg","width":1287,"height":723},{"@type":"BreadcrumbList","@id":"https:\/\/www.aditech.com\/es\/evento\/verano-de-excelencia\/#breadcrumb","itemListElement":[{"@type":"ListItem","position":1,"name":"Portada","item":"https:\/\/www.aditech.com\/es\/"},{"@type":"ListItem","position":2,"name":"Events","item":"https:\/\/www.aditech.com\/en\/evento\/"},{"@type":"ListItem","position":3,"name":"Verano de excelencia"}]},{"@type":"WebSite","@id":"https:\/\/www.aditech.com\/es\/#website","url":"https:\/\/www.aditech.com\/es\/","name":"ADItech","description":"","potentialAction":[{"@type":"SearchAction","target":{"@type":"EntryPoint","urlTemplate":"https:\/\/www.aditech.com\/es\/?s={search_term_string}"},"query-input":{"@type":"PropertyValueSpecification","valueRequired":true,"valueName":"search_term_string"}}],"inLanguage":"es"}]}</script>
<!-- / Yoast SEO plugin. -->

¿Quieres saber qué significa incorporar la dimensión de género en el contenido de la investigación? Te contamos qué es y cómo se concreta a través del ejemplo de un Proyecto Estratégico. Ponte al día con este webinar que organizamos un viernes de cada mes del...
